CRAN Package Check Results for Package plm

Last updated on 2024-06-20 15:50:04 CEST.

Flavor Version Tinstall Tcheck Ttotal Status Flags
r-devel-linux-x86_64-debian-clang 2.6-4 25.15 236.29 261.44 OK
r-devel-linux-x86_64-debian-gcc 2.6-4 18.11 167.13 185.24 OK
r-devel-linux-x86_64-fedora-clang 2.6-4 333.34 NOTE
r-devel-linux-x86_64-fedora-gcc 2.6-4 313.71 OK
r-devel-windows-x86_64 2.6-4 24.00 198.00 222.00 NOTE
r-patched-linux-x86_64 2.6-4 22.07 224.27 246.34 OK
r-release-linux-x86_64 2.6-4 19.18 226.29 245.47 OK
r-release-macos-arm64 2.6-4 89.00 NOTE
r-release-macos-x86_64 2.6-4 156.00 NOTE
r-release-windows-x86_64 2.6-4 23.00 202.00 225.00 NOTE
r-oldrel-macos-arm64 2.6-4 97.00 NOTE
r-oldrel-macos-x86_64 2.6-4 257.00 NOTE
r-oldrel-windows-x86_64 2.6-4 29.00 241.00 270.00 NOTE

Check Details

Version: 2.6-4
Check: installed package size
Result: NOTE installed size is 5.7Mb sub-directories of 1Mb or more: tests 3.2Mb Flavors: r-devel-linux-x86_64-fedora-clang, r-devel-windows-x86_64, r-release-macos-arm64, r-release-macos-x86_64, r-release-windows-x86_64, r-oldrel-macos-arm64, r-oldrel-macos-x86_64, r-oldrel-windows-x86_64