Last updated on 2025-01-23 15:49:26 CET.
Flavor | Version | Tinstall | Tcheck | Ttotal | Status | Flags |
---|---|---|---|---|---|---|
r-devel-linux-x86_64-debian-clang | 2.6-5 | 18.72 | 181.46 | 200.18 | OK | |
r-devel-linux-x86_64-debian-gcc | 2.6-5 | 11.21 | 120.76 | 131.97 | OK | |
r-devel-linux-x86_64-fedora-clang | 2.6-5 | 344.58 | OK | |||
r-devel-linux-x86_64-fedora-gcc | 2.6-5 | 313.50 | OK | |||
r-devel-windows-x86_64 | 2.6-5 | 22.00 | 203.00 | 225.00 | OK | |
r-patched-linux-x86_64 | 2.6-5 | 21.24 | 166.50 | 187.74 | OK | |
r-release-linux-x86_64 | 2.6-5 | 17.53 | 168.01 | 185.54 | OK | |
r-release-macos-arm64 | 2.6-4 | 89.00 | NOTE | |||
r-release-macos-x86_64 | 2.6-5 | 181.00 | OK | |||
r-release-windows-x86_64 | 2.6-5 | 23.00 | 192.00 | 215.00 | OK | |
r-oldrel-macos-arm64 | 2.6-4 | 97.00 | NOTE | |||
r-oldrel-macos-x86_64 | 2.6-4 | 257.00 | NOTE | |||
r-oldrel-windows-x86_64 | 2.6-5 | 28.00 | 246.00 | 274.00 | OK |
Version: 2.6-4
Check: installed package size
Result: NOTE
installed size is 5.7Mb
sub-directories of 1Mb or more:
tests 3.2Mb
Flavors: r-release-macos-arm64, r-oldrel-macos-arm64, r-oldrel-macos-x86_64