Last updated on 2022-05-20 03:55:54 CEST.
Flavor | Version | Tinstall | Tcheck | Ttotal | Status | Flags |
---|---|---|---|---|---|---|
r-devel-linux-x86_64-debian-clang | 0.1.2 | 6.62 | 61.65 | 68.27 | NOTE | |
r-devel-linux-x86_64-debian-gcc | 0.1.2 | 4.70 | 46.87 | 51.57 | NOTE | |
r-devel-linux-x86_64-fedora-clang | 0.1.2 | 78.88 | NOTE | |||
r-devel-linux-x86_64-fedora-gcc | 0.1.2 | 77.96 | NOTE | |||
r-devel-windows-x86_64 | 0.1.2 | 36.00 | 74.00 | 110.00 | OK | |
r-patched-linux-x86_64 | 0.1.2 | 5.70 | 57.94 | 63.64 | NOTE | |
r-release-linux-x86_64 | 0.1.2 | 5.85 | 58.09 | 63.94 | NOTE | |
r-release-macos-arm64 | 0.1.2 | 26.00 | OK | |||
r-release-macos-x86_64 | 0.1.2 | 34.00 | OK | |||
r-release-windows-x86_64 | 0.1.2 | 26.00 | 78.00 | 104.00 | OK | |
r-oldrel-macos-arm64 | 0.1.2 | 29.00 | OK | |||
r-oldrel-macos-x86_64 | 0.1.2 | 42.00 | OK | |||
r-oldrel-windows-ix86+x86_64 | 0.1.2 | 12.00 | 105.00 | 117.00 | OK |
Version: 0.1.2
Check: for non-standard things in the check directory
Result: NOTE
Found the following files/directories:
'Indometh_Bolus_Linear_CoreOutput.txt'
'Indometh_Bolus_Log_CoreOutput.txt'
'Indometh_Infusion_Linear_CoreOutput.txt'
'Indometh_Infusion_Log_CoreOutput.txt' 'Output'
'Theoph_Linear_CoreOutput.txt' 'Theoph_Log_CoreOutput.txt'
Flavors: r-devel-linux-x86_64-debian-clang, r-devel-linux-x86_64-debian-gcc, r-devel-linux-x86_64-fedora-clang, r-devel-linux-x86_64-fedora-gcc, r-patched-linux-x86_64, r-release-linux-x86_64