CRAN Package Check Results for Package pkgconfig

Last updated on 2024-07-21 15:53:41 CEST.

Flavor Version Tinstall Tcheck Ttotal Status Flags
r-devel-linux-x86_64-debian-clang 2.0.3 1.60 23.48 25.08 NOTE
r-devel-linux-x86_64-debian-gcc 2.0.3 1.36 18.26 19.62 NOTE
r-devel-linux-x86_64-fedora-clang 2.0.3 32.65 NOTE
r-devel-linux-x86_64-fedora-gcc 2.0.3 30.60 NOTE
r-devel-windows-x86_64 2.0.3 4.00 48.00 52.00 NOTE
r-patched-linux-x86_64 2.0.3 1.57 22.06 23.63 NOTE
r-release-linux-x86_64 2.0.3 1.44 22.10 23.54 NOTE
r-release-macos-arm64 2.0.3 14.00 NOTE
r-release-macos-x86_64 2.0.3 21.00 NOTE
r-release-windows-x86_64 2.0.3 4.00 46.00 50.00 NOTE
r-oldrel-macos-arm64 2.0.3 17.00 NOTE
r-oldrel-macos-x86_64 2.0.3 19.00 NOTE
r-oldrel-windows-x86_64 2.0.3 3.00 46.00 49.00 NOTE

Check Details

Version: 2.0.3
Check: LazyData
Result: NOTE 'LazyData' is specified without a 'data' directory Flavors: r-devel-linux-x86_64-debian-clang, r-devel-linux-x86_64-debian-gcc, r-devel-linux-x86_64-fedora-clang, r-devel-linux-x86_64-fedora-gcc, r-devel-windows-x86_64, r-patched-linux-x86_64, r-release-linux-x86_64, r-release-macos-arm64, r-release-macos-x86_64, r-release-windows-x86_64, r-oldrel-macos-arm64, r-oldrel-macos-x86_64, r-oldrel-windows-x86_64