CRAN Package Check Results for Package picasso

Last updated on 2022-08-16 04:53:45 CEST.

Flavor Version Tinstall Tcheck Ttotal Status Flags
r-devel-linux-x86_64-debian-clang 1.3.1 18.70 79.81 98.51 OK
r-devel-linux-x86_64-debian-gcc 1.3.1 15.50 62.18 77.68 OK
r-devel-linux-x86_64-fedora-clang 1.3.1 131.34 OK
r-devel-linux-x86_64-fedora-gcc 1.3.1 129.72 OK
r-devel-windows-x86_64 1.3.1 131.00 123.00 254.00 OK
r-patched-linux-x86_64 1.3.1 19.56 76.83 96.39 OK
r-release-linux-x86_64 1.3.1 19.30 78.49 97.79 OK
r-release-macos-arm64 1.3.1 40.00 NOTE
r-release-macos-x86_64 1.3.1 60.00 NOTE
r-release-windows-x86_64 1.3.1 162.00 122.00 284.00 OK
r-oldrel-macos-arm64 1.3.1 50.00 NOTE
r-oldrel-macos-x86_64 1.3.1 79.00 NOTE
r-oldrel-windows-ix86+x86_64 1.3.1 41.00 128.00 169.00 OK

Check Details

Version: 1.3.1
Check: installed package size
Result: NOTE
     installed size is 6.0Mb
     sub-directories of 1Mb or more:
     libs 5.0Mb
Flavors: r-release-macos-arm64, r-release-macos-x86_64, r-oldrel-macos-arm64, r-oldrel-macos-x86_64