CRAN Package Check Results for Package phylosignal

Last updated on 2021-12-06 15:52:16 CET.

Flavor Version Tinstall Tcheck Ttotal Status Flags
r-devel-linux-x86_64-debian-clang 1.3 49.06 305.79 354.85 OK
r-devel-linux-x86_64-debian-gcc 1.3 39.19 226.75 265.94 OK
r-devel-linux-x86_64-fedora-clang 1.3 434.14 OK
r-devel-linux-x86_64-fedora-gcc 1.3 412.72 OK
r-devel-windows-x86_64-new-UL 1.3 69.00 379.00 448.00 OK
r-devel-windows-x86_64-new-TK 1.3 OK
r-devel-windows-x86_64-old 1.3 67.00 280.00 347.00 OK
r-patched-linux-x86_64 1.3 46.69 292.75 339.44 OK
r-release-linux-x86_64 1.3 42.80 298.53 341.33 OK
r-release-macos-arm64 1.3 NOTE
r-release-macos-x86_64 1.3 OK
r-release-windows-ix86+x86_64 1.3 120.00 424.00 544.00 OK
r-oldrel-macos-x86_64 1.3 OK
r-oldrel-windows-ix86+x86_64 1.3 116.00 423.00 539.00 OK

Check Details

Version: 1.3
Check: installed package size
Result: NOTE
     installed size is 5.3Mb
     sub-directories of 1Mb or more:
     help 1.6Mb
     libs 2.5Mb
Flavor: r-release-macos-arm64