Last updated on 2023-03-23 15:54:58 CET.
Flavor | Version | Tinstall | Tcheck | Ttotal | Status | Flags |
---|---|---|---|---|---|---|
r-devel-linux-x86_64-debian-clang | 1.3 | 55.21 | 343.35 | 398.56 | OK | |
r-devel-linux-x86_64-debian-gcc | 1.3 | 42.66 | 248.79 | 291.45 | OK | |
r-devel-linux-x86_64-fedora-clang | 1.3 | 491.04 | OK | |||
r-devel-linux-x86_64-fedora-gcc | 1.3 | 471.95 | OK | |||
r-patched-linux-x86_64 | 1.3 | 48.50 | 316.78 | 365.28 | OK | |
r-release-linux-x86_64 | 1.3 | 44.86 | 321.95 | 366.81 | OK | |
r-release-macos-arm64 | 1.3 | 115.00 | OK | |||
r-release-macos-x86_64 | 1.3 | 198.00 | OK | |||
r-release-windows-x86_64 | 1.3 | 93.00 | 405.00 | 498.00 | OK | |
r-oldrel-macos-arm64 | 1.3 | 154.00 | NOTE | |||
r-oldrel-macos-x86_64 | 1.3 | 276.00 | OK | |||
r-oldrel-windows-ix86+x86_64 | 1.3 | 126.00 | 429.00 | 555.00 | OK |
Version: 1.3
Check: installed package size
Result: NOTE
installed size is 5.3Mb
sub-directories of 1Mb or more:
help 1.6Mb
libs 2.5Mb
Flavor: r-oldrel-macos-arm64