Last updated on 2023-02-01 03:54:23 CET.
Flavor | Version | Tinstall | Tcheck | Ttotal | Status | Flags |
---|---|---|---|---|---|---|
r-devel-linux-x86_64-debian-clang | 0.1.0 | 28.76 | 282.03 | 310.79 | NOTE | |
r-devel-linux-x86_64-debian-gcc | 0.1.0 | 22.06 | 208.76 | 230.82 | NOTE | |
r-devel-linux-x86_64-fedora-clang | 0.1.0 | 380.95 | NOTE | |||
r-devel-linux-x86_64-fedora-gcc | 0.1.0 | 386.23 | NOTE | |||
r-devel-windows-x86_64 | 0.1.0 | 45.00 | 281.00 | 326.00 | NOTE | |
r-patched-linux-x86_64 | 0.1.0 | 27.66 | 268.01 | 295.67 | NOTE | |
r-release-linux-x86_64 | 0.1.0 | 22.69 | 271.85 | 294.54 | NOTE | |
r-release-macos-arm64 | 0.1.0 | 88.00 | NOTE | |||
r-release-macos-x86_64 | 0.1.0 | 174.00 | NOTE | |||
r-release-windows-x86_64 | 0.1.0 | 44.00 | 294.00 | 338.00 | NOTE | |
r-oldrel-macos-arm64 | 0.1.0 | 126.00 | NOTE | |||
r-oldrel-macos-x86_64 | 0.1.0 | 169.00 | NOTE | |||
r-oldrel-windows-ix86+x86_64 | 0.1.0 | 65.00 | 272.00 | 337.00 | NOTE |
Version: 0.1.0
Check: LazyData
Result: NOTE
'LazyData' is specified without a 'data' directory
Flavors: r-devel-linux-x86_64-debian-clang, r-devel-linux-x86_64-debian-gcc, r-devel-linux-x86_64-fedora-clang, r-devel-linux-x86_64-fedora-gcc, r-devel-windows-x86_64, r-patched-linux-x86_64, r-release-linux-x86_64, r-release-macos-arm64, r-release-macos-x86_64, r-release-windows-x86_64, r-oldrel-macos-arm64, r-oldrel-macos-x86_64, r-oldrel-windows-ix86+x86_64
Version: 0.1.0
Check: dependencies in R code
Result: NOTE
Namespace in Imports field not imported from: ‘intergraph’
All declared Imports should be used.
Flavors: r-devel-linux-x86_64-fedora-clang, r-devel-linux-x86_64-fedora-gcc, r-release-macos-arm64, r-release-macos-x86_64, r-oldrel-macos-arm64, r-oldrel-macos-x86_64