CRAN Package Check Results for Package phylopath

Last updated on 2024-07-22 15:57:29 CEST.

Flavor Version Tinstall Tcheck Ttotal Status Flags
r-devel-linux-x86_64-debian-clang 1.3.0 5.69 113.87 119.56 OK
r-devel-linux-x86_64-debian-gcc 1.3.0 4.23 89.34 93.57 NOTE
r-devel-linux-x86_64-fedora-clang 1.3.0 157.97 OK
r-devel-linux-x86_64-fedora-gcc 1.3.0 164.09 OK
r-devel-windows-x86_64 1.3.0 7.00 87.00 94.00 NOTE
r-patched-linux-x86_64 1.3.0 22.20 113.04 135.24 OK
r-release-linux-x86_64 1.3.0 3.34 112.12 115.46 OK
r-release-macos-arm64 1.3.0 46.00 OK
r-release-macos-x86_64 1.3.0 116.00 OK
r-release-windows-x86_64 1.3.0 6.00 86.00 92.00 OK
r-oldrel-macos-arm64 1.3.0 59.00 OK
r-oldrel-macos-x86_64 1.3.0 111.00 OK
r-oldrel-windows-x86_64 1.3.0 8.00 96.00 104.00 OK

Check Details

Version: 1.3.0
Check: Rd cross-references
Result: NOTE Found the following Rd file(s) with Rd \link{} targets missing package anchors: plot.DAG.Rd: igraph Please provide package anchors for all Rd \link{} targets not in the package itself and the base packages. Flavors: r-devel-linux-x86_64-debian-gcc, r-devel-windows-x86_64