CRAN Package Check Results for Package phylogram

Last updated on 2024-03-02 04:08:13 CET.

Flavor Version Tinstall Tcheck Ttotal Status Flags
r-devel-linux-x86_64-debian-clang 2.1.0 2.59 45.31 47.90 NOTE
r-devel-linux-x86_64-debian-gcc 2.1.0 2.99 33.24 36.23 NOTE
r-devel-linux-x86_64-fedora-clang 2.1.0 60.06 NOTE
r-devel-linux-x86_64-fedora-gcc 2.1.0 69.10 NOTE
r-devel-windows-x86_64 2.1.0 4.00 56.00 60.00 NOTE
r-patched-linux-x86_64 2.1.0 4.29 42.19 46.48 NOTE
r-release-linux-x86_64 2.1.0 3.62 42.31 45.93 NOTE
r-release-macos-arm64 2.1.0 29.00 NOTE
r-release-macos-x86_64 2.1.0 43.00 NOTE
r-release-windows-x86_64 2.1.0 5.00 61.00 66.00 NOTE
r-oldrel-macos-arm64 2.1.0 28.00 NOTE
r-oldrel-windows-x86_64 2.1.0 5.00 67.00 72.00 NOTE

Check Details

Version: 2.1.0
Check: LazyData
Result: NOTE 'LazyData' is specified without a 'data' directory Flavors: r-devel-linux-x86_64-debian-clang, r-devel-linux-x86_64-debian-gcc, r-devel-linux-x86_64-fedora-clang, r-devel-linux-x86_64-fedora-gcc, r-devel-windows-x86_64, r-patched-linux-x86_64, r-release-linux-x86_64, r-release-macos-arm64, r-release-macos-x86_64, r-release-windows-x86_64, r-oldrel-macos-arm64, r-oldrel-windows-x86_64