Last updated on 2023-03-23 15:54:58 CET.
Flavor | Version | Tinstall | Tcheck | Ttotal | Status | Flags |
---|---|---|---|---|---|---|
r-devel-linux-x86_64-debian-clang | 2.1.0 | 4.04 | 43.71 | 47.75 | NOTE | |
r-devel-linux-x86_64-debian-gcc | 2.1.0 | 2.12 | 32.97 | 35.09 | NOTE | |
r-devel-linux-x86_64-fedora-clang | 2.1.0 | 61.05 | NOTE | |||
r-devel-linux-x86_64-fedora-gcc | 2.1.0 | 67.55 | NOTE | |||
r-patched-linux-x86_64 | 2.1.0 | 4.05 | 42.92 | 46.97 | NOTE | |
r-release-linux-x86_64 | 2.1.0 | 4.09 | 43.47 | 47.56 | NOTE | |
r-release-macos-arm64 | 2.1.0 | 23.00 | NOTE | |||
r-release-macos-x86_64 | 2.1.0 | 33.00 | NOTE | |||
r-release-windows-x86_64 | 2.1.0 | 6.00 | 112.00 | 118.00 | NOTE | |
r-oldrel-macos-arm64 | 2.1.0 | 28.00 | NOTE | |||
r-oldrel-macos-x86_64 | 2.1.0 | 44.00 | NOTE | |||
r-oldrel-windows-ix86+x86_64 | 2.1.0 | 9.00 | 74.00 | 83.00 | NOTE |
Version: 2.1.0
Check: LazyData
Result: NOTE
'LazyData' is specified without a 'data' directory
Flavors: r-devel-linux-x86_64-debian-clang, r-devel-linux-x86_64-debian-gcc, r-devel-linux-x86_64-fedora-clang, r-devel-linux-x86_64-fedora-gcc, r-patched-linux-x86_64, r-release-linux-x86_64, r-release-macos-arm64, r-release-macos-x86_64, r-release-windows-x86_64, r-oldrel-macos-arm64, r-oldrel-macos-x86_64, r-oldrel-windows-ix86+x86_64