CRAN Package Check Results for Package phylocomr

Last updated on 2021-06-17 04:56:20 CEST.

Flavor Version Tinstall Tcheck Ttotal Status Flags
r-devel-linux-x86_64-debian-clang 0.3.2 13.20 31.38 44.58 NOTE
r-devel-linux-x86_64-debian-gcc 0.3.2 10.45 24.64 35.09 NOTE
r-devel-linux-x86_64-fedora-clang 0.3.2 63.47 NOTE
r-devel-linux-x86_64-fedora-gcc 0.3.2 55.05 NOTE
r-devel-windows-x86_64 0.3.2 19.00 50.00 69.00 NOTE
r-devel-windows-x86_64-gcc10-UCRT 0.3.2 NOTE
r-patched-linux-x86_64 0.3.2 12.95 31.13 44.08 NOTE
r-patched-solaris-x86 0.3.2 87.30 NOTE
r-release-linux-x86_64 0.3.2 12.33 30.88 43.21 NOTE
r-release-macos-arm64 0.3.2 NOTE
r-release-macos-x86_64 0.3.2 NOTE
r-release-windows-ix86+x86_64 0.3.2 39.00 61.00 100.00 NOTE
r-oldrel-macos-x86_64 0.3.2 OK
r-oldrel-windows-ix86+x86_64 0.3.2 27.00 63.00 90.00 OK

Check Details

Version: 0.3.2
Check: LazyData
Result: NOTE
     'LazyData' is specified without a 'data' directory
Flavors: r-devel-linux-x86_64-debian-clang, r-devel-linux-x86_64-debian-gcc, r-devel-linux-x86_64-fedora-clang, r-devel-linux-x86_64-fedora-gcc, r-devel-windows-x86_64, r-devel-windows-x86_64-gcc10-UCRT, r-patched-linux-x86_64, r-patched-solaris-x86, r-release-linux-x86_64, r-release-macos-arm64, r-release-macos-x86_64, r-release-windows-ix86+x86_64