CRAN Package Check Results for Package phylocomr

Last updated on 2022-01-17 03:53:13 CET.

Flavor Version Tinstall Tcheck Ttotal Status Flags
r-devel-linux-x86_64-debian-clang 0.3.2 11.01 40.08 51.09 NOTE
r-devel-linux-x86_64-debian-gcc 0.3.2 11.40 31.20 42.60 NOTE
r-devel-linux-x86_64-fedora-clang 0.3.2 65.65 NOTE
r-devel-linux-x86_64-fedora-gcc 0.3.2 57.67 NOTE
r-devel-windows-x86_64-new-UL 0.3.2 93.00 73.00 166.00 NOTE
r-devel-windows-x86_64-new-TK 0.3.2 NOTE
r-patched-linux-x86_64 0.3.2 13.33 38.37 51.70 NOTE
r-release-linux-x86_64 0.3.2 NOTE
r-release-macos-arm64 0.3.2 NOTE
r-release-macos-x86_64 0.3.2 NOTE
r-release-windows-ix86+x86_64 0.3.2 35.00 62.00 97.00 NOTE
r-oldrel-macos-x86_64 0.3.2 OK
r-oldrel-windows-ix86+x86_64 0.3.2 35.00 63.00 98.00 OK

Check Details

Version: 0.3.2
Check: LazyData
Result: NOTE
     'LazyData' is specified without a 'data' directory
Flavors: r-devel-linux-x86_64-debian-clang, r-devel-linux-x86_64-debian-gcc, r-devel-linux-x86_64-fedora-clang, r-devel-linux-x86_64-fedora-gcc, r-devel-windows-x86_64-new-UL, r-devel-windows-x86_64-new-TK, r-patched-linux-x86_64, r-release-linux-x86_64, r-release-macos-arm64, r-release-macos-x86_64, r-release-windows-ix86+x86_64