CRAN Package Check Results for Package phylobase

Last updated on 2021-11-28 15:48:49 CET.

Flavor Version Tinstall Tcheck Ttotal Status Flags
r-devel-linux-x86_64-debian-clang 0.8.10 OK
r-devel-linux-x86_64-debian-gcc 0.8.10 26.82 114.36 141.18 OK
r-devel-linux-x86_64-fedora-clang 0.8.10 248.36 OK
r-devel-linux-x86_64-fedora-gcc 0.8.10 223.42 OK
r-devel-windows-x86_64-new-UL 0.8.10 75.00 250.00 325.00 OK
r-devel-windows-x86_64-new-TK 0.8.10 OK
r-devel-windows-x86_64-old 0.8.10 44.00 205.00 249.00 OK
r-patched-linux-x86_64 0.8.10 31.41 138.63 170.04 OK
r-patched-solaris-x86 0.8.10 280.40 OK
r-release-linux-x86_64 0.8.10 31.71 140.68 172.39 OK
r-release-macos-arm64 0.8.10 OK
r-release-macos-x86_64 0.8.10 OK
r-release-windows-ix86+x86_64 0.8.10 88.00 197.00 285.00 OK
r-oldrel-macos-x86_64 0.8.10 NOTE
r-oldrel-windows-ix86+x86_64 0.8.10 86.00 290.00 376.00 OK

Check Details

Version: 0.8.10
Check: package dependencies
Result: NOTE
    Package suggested but not available for checking: ‘testthat’
Flavor: r-oldrel-macos-x86_64