CRAN Package Check Results for Package photobiologyInOut

Last updated on 2024-07-20 15:48:51 CEST.

Flavor Version Tinstall Tcheck Ttotal Status Flags
r-devel-linux-x86_64-debian-clang 0.4.27 9.31 160.30 169.61 NOTE
r-devel-linux-x86_64-debian-gcc 0.4.27 6.01 120.35 126.36 NOTE
r-devel-linux-x86_64-fedora-clang 0.4.27 215.02 NOTE
r-devel-linux-x86_64-fedora-gcc 0.4.27 218.96 NOTE
r-devel-windows-x86_64 0.4.27 11.00 139.00 150.00 NOTE
r-patched-linux-x86_64 0.4.27 7.44 153.59 161.03 NOTE
r-release-linux-x86_64 0.4.27 4.68 155.94 160.62 NOTE
r-release-macos-arm64 0.4.27 83.00 NOTE
r-release-macos-x86_64 0.4.27 95.00 NOTE
r-release-windows-x86_64 0.4.27 8.00 137.00 145.00 NOTE
r-oldrel-macos-arm64 0.4.27 55.00 OK
r-oldrel-macos-x86_64 0.4.27 117.00 OK
r-oldrel-windows-x86_64 0.4.27 10.00 155.00 165.00 OK

Check Details

Version: 0.4.27
Check: Rd files
Result: NOTE checkRd: (-1) read_cid_spectravue_csv.Rd:46: Lost braces 46 | function code{range()} will return range of wavelengths expressed in | ^ checkRd: (-1) read_fmi2mspct.Rd:78: Lost braces; missing escapes or markup? 78 | \code{tz = UTC} and {time.shift.min = 120} to convert times to UTC. This | ^ Flavors: r-devel-linux-x86_64-debian-clang, r-devel-linux-x86_64-debian-gcc, r-devel-linux-x86_64-fedora-clang, r-devel-linux-x86_64-fedora-gcc, r-devel-windows-x86_64, r-patched-linux-x86_64, r-release-linux-x86_64, r-release-macos-arm64, r-release-macos-x86_64, r-release-windows-x86_64