CRAN Package Check Results for Package phenology

Last updated on 2022-01-25 15:54:26 CET.

Flavor Version Tinstall Tcheck Ttotal Status Flags
r-devel-linux-x86_64-debian-clang 7.6 20.09 146.83 166.92 OK
r-devel-linux-x86_64-debian-gcc 7.6 19.89 109.51 129.40 OK
r-devel-linux-x86_64-fedora-clang 7.6 217.51 OK
r-devel-linux-x86_64-fedora-gcc 7.6 190.88 OK
r-devel-windows-x86_64-new-UL 7.6 165.00 188.00 353.00 OK
r-devel-windows-x86_64-new-TK 7.6 ERROR
r-patched-linux-x86_64 7.6 24.19 137.28 161.47 OK
r-release-linux-x86_64 7.6 16.39 136.27 152.66 OK
r-release-macos-arm64 7.6 OK
r-release-macos-x86_64 7.6 OK
r-release-windows-ix86+x86_64 7.6 39.00 174.00 213.00 OK
r-oldrel-macos-x86_64 7.6 OK
r-oldrel-windows-ix86+x86_64 7.6 39.00 174.00 213.00 OK

Check Details

Version: 7.6
Check: package dependencies
Result: ERROR
    Package required but not available: 'HelpersMG'
    
    Package suggested but not available for checking: 'car'
    
    See section 'The DESCRIPTION file' in the 'Writing R Extensions'
    manual.
Flavor: r-devel-windows-x86_64-new-TK