CRAN Package Check Results for Package pheatmap

Last updated on 2021-12-07 03:53:50 CET.

Flavor Version Tinstall Tcheck Ttotal Status Flags
r-devel-linux-x86_64-debian-clang 1.0.12 3.84 41.54 45.38 NOTE
r-devel-linux-x86_64-debian-gcc 1.0.12 2.66 32.05 34.71 NOTE
r-devel-linux-x86_64-fedora-clang 1.0.12 55.15 NOTE
r-devel-linux-x86_64-fedora-gcc 1.0.12 44.17 NOTE
r-devel-windows-x86_64-new-UL 1.0.12 9.00 66.00 75.00 OK
r-devel-windows-x86_64-new-TK 1.0.12 OK
r-devel-windows-x86_64-old 1.0.12 6.00 36.00 42.00 OK
r-patched-linux-x86_64 1.0.12 6.61 31.39 38.00 NOTE
r-release-linux-x86_64 1.0.12 3.74 39.50 43.24 NOTE
r-release-macos-arm64 1.0.12 OK
r-release-macos-x86_64 1.0.12 OK
r-release-windows-ix86+x86_64 1.0.12 6.00 50.00 56.00 OK
r-oldrel-macos-x86_64 1.0.12 OK
r-oldrel-windows-ix86+x86_64 1.0.12 8.00 49.00 57.00 OK

Check Details

Version: 1.0.12
Check: for non-standard things in the check directory
Result: NOTE
    Found the following files/directories:
     'test.pdf'
Flavors: r-devel-linux-x86_64-debian-clang, r-devel-linux-x86_64-debian-gcc, r-devel-linux-x86_64-fedora-clang, r-devel-linux-x86_64-fedora-gcc, r-patched-linux-x86_64, r-release-linux-x86_64