CRAN Package Check Results for Package phaseR

Last updated on 2021-11-27 15:50:49 CET.

Flavor Version Tinstall Tcheck Ttotal Status Flags
r-devel-linux-x86_64-debian-clang 2.1.3 NOTE
r-devel-linux-x86_64-debian-gcc 2.1.3 3.60 76.69 80.29 NOTE
r-devel-linux-x86_64-fedora-clang 2.1.3 144.13 NOTE
r-devel-linux-x86_64-fedora-gcc 2.1.3 133.37 NOTE
r-devel-windows-x86_64-new-UL 2.1.3 13.00 151.00 164.00 NOTE
r-devel-windows-x86_64-new-TK 2.1.3 NOTE
r-devel-windows-x86_64-old 2.1.3 8.00 144.00 152.00 NOTE
r-patched-linux-x86_64 2.1.3 6.24 107.11 113.35 NOTE
r-patched-solaris-x86 2.1.3 104.40 NOTE
r-release-linux-x86_64 2.1.3 NOTE
r-release-macos-arm64 2.1.3 NOTE
r-release-macos-x86_64 2.1.3 NOTE
r-release-windows-ix86+x86_64 2.1.3 8.00 87.00 95.00 NOTE
r-oldrel-macos-x86_64 2.1.3 OK
r-oldrel-windows-ix86+x86_64 2.1.3 7.00 169.00 176.00 OK

Check Details

Version: 2.1.3
Check: LazyData
Result: NOTE
     'LazyData' is specified without a 'data' directory
Flavors: r-devel-linux-x86_64-debian-clang, r-devel-linux-x86_64-debian-gcc, r-devel-linux-x86_64-fedora-clang, r-devel-linux-x86_64-fedora-gcc, r-devel-windows-x86_64-new-UL, r-devel-windows-x86_64-new-TK, r-devel-windows-x86_64-old, r-patched-linux-x86_64, r-patched-solaris-x86, r-release-linux-x86_64, r-release-macos-arm64, r-release-macos-x86_64, r-release-windows-ix86+x86_64