CRAN Package Check Results for Package phase1PRMD

Last updated on 2022-01-27 15:53:43 CET.

Flavor Version Tinstall Tcheck Ttotal Status Flags
r-devel-linux-x86_64-debian-clang 1.0.2 9.28 85.24 94.52 OK
r-devel-linux-x86_64-debian-gcc 1.0.2 7.18 64.23 71.41 OK
r-devel-linux-x86_64-fedora-clang 1.0.2 111.86 NOTE
r-devel-linux-x86_64-fedora-gcc 1.0.2 100.66 OK
r-devel-windows-x86_64-new-UL 1.0.2 48.00 109.00 157.00 OK
r-devel-windows-x86_64-new-TK 1.0.2 OK
r-patched-linux-x86_64 1.0.2 10.33 79.21 89.54 OK
r-release-linux-x86_64 1.0.2 8.41 77.29 85.70 OK
r-release-macos-arm64 1.0.2 OK
r-release-macos-x86_64 1.0.2 OK
r-release-windows-ix86+x86_64 1.0.2 21.00 98.00 119.00 OK
r-oldrel-macos-x86_64 1.0.2 OK
r-oldrel-windows-ix86+x86_64 1.0.2 21.00 97.00 118.00 OK

Check Details

Version: 1.0.2
Check: Rd cross-references
Result: NOTE
    Undeclared package ‘phase1RMD’ in Rd xrefs
Flavor: r-devel-linux-x86_64-fedora-clang