CRAN Package Check Results for Package pguIMP

Last updated on 2021-10-23 14:58:10 CEST.

Flavor Version Tinstall Tcheck Ttotal Status Flags
r-devel-linux-x86_64-debian-clang 0.0.0.3 47.01 231.10 278.11 OK
r-devel-linux-x86_64-debian-gcc 0.0.0.3 42.46 174.42 216.88 OK
r-devel-linux-x86_64-fedora-clang 0.0.0.3 367.43 NOTE
r-devel-linux-x86_64-fedora-gcc 0.0.0.3 2.57 ERROR
r-devel-windows-x86_64 0.0.0.3 75.00 264.00 339.00 NOTE
r-devel-windows-x86_64-gcc10-UCRT 0.0.0.3 ERROR
r-patched-linux-x86_64 0.0.0.3 51.63 222.33 273.96 OK
r-release-linux-x86_64 0.0.0.3 45.68 220.73 266.41 OK
r-release-macos-arm64 0.0.0.3 NOTE
r-release-macos-x86_64 0.0.0.3 NOTE
r-release-windows-ix86+x86_64 0.0.0.3 67.00 263.00 330.00 NOTE
r-oldrel-macos-x86_64 0.0.0.3 NOTE
r-oldrel-windows-ix86+x86_64 0.0.0.3 100.00 257.00 357.00 NOTE

Check Details

Version: 0.0.0.3
Check: package dependencies
Result: NOTE
    Imports includes 38 non-default packages.
    Importing from so many packages makes the package vulnerable to any of
    them becoming unavailable. Move as many as possible to Suggests and
    use conditionally.
Flavor: r-devel-linux-x86_64-fedora-clang

Version: 0.0.0.3
Check: installed package size
Result: NOTE
     installed size is 6.5Mb
     sub-directories of 1Mb or more:
     application 5.0Mb
Flavors: r-devel-linux-x86_64-fedora-clang, r-devel-windows-x86_64, r-release-macos-arm64, r-release-macos-x86_64, r-release-windows-ix86+x86_64, r-oldrel-macos-x86_64, r-oldrel-windows-ix86+x86_64

Version: 0.0.0.3
Check: dependencies in R code
Result: NOTE
    Namespaces in Imports field not imported from:
     ‘rJava’ ‘shinyWidgets’ ‘shinydashboard’ ‘shinyjs’
     All declared Imports should be used.
Flavors: r-devel-linux-x86_64-fedora-clang, r-release-macos-arm64, r-release-macos-x86_64, r-oldrel-macos-x86_64

Version: 0.0.0.3
Check: package dependencies
Result: ERROR
    Package required but not available: ‘robust’
    
    See section ‘The DESCRIPTION file’ in the ‘Writing R Extensions’
    manual.
Flavors: r-devel-linux-x86_64-fedora-gcc, r-devel-windows-x86_64-gcc10-UCRT