CRAN Package Check Results for Package pgmm

Last updated on 2022-05-20 03:55:54 CEST.

Flavor Version Tinstall Tcheck Ttotal Status Flags
r-devel-linux-x86_64-debian-clang 1.2.5 4.09 11.23 15.32 ERROR
r-devel-linux-x86_64-debian-gcc 1.2.5 3.03 8.96 11.99 ERROR
r-devel-linux-x86_64-fedora-clang 1.2.5 20.02 ERROR
r-devel-linux-x86_64-fedora-gcc 1.2.5 19.94 ERROR
r-devel-windows-x86_64 1.2.5 7.00 4.00 11.00 ERROR
r-patched-linux-x86_64 1.2.5 9.32 34.22 43.54 OK
r-release-linux-x86_64 1.2.5 9.29 33.97 43.26 OK
r-release-macos-arm64 1.2.5 20.00 OK
r-release-macos-x86_64 1.2.5 26.00 OK
r-release-windows-x86_64 1.2.5 15.00 50.00 65.00 OK
r-oldrel-macos-arm64 1.2.5 18.00 OK
r-oldrel-macos-x86_64 1.2.5 27.00 OK
r-oldrel-windows-ix86+x86_64 1.2.5 25.00 38.00 63.00 OK

Additional issues

BLAS

Check Details

Version: 1.2.5
Check: whether package can be installed
Result: ERROR
    Installation failed.
Flavors: r-devel-linux-x86_64-debian-clang, r-devel-linux-x86_64-debian-gcc, r-devel-linux-x86_64-fedora-clang, r-devel-linux-x86_64-fedora-gcc, r-devel-windows-x86_64