CRAN Package Check Results for Package pestr

Last updated on 2024-07-19 16:57:31 CEST.

Flavor Version Tinstall Tcheck Ttotal Status Flags
r-devel-linux-x86_64-debian-clang 0.8.2 4.45 55.29 59.74 NOTE
r-devel-linux-x86_64-debian-gcc 0.8.2 2.68 42.18 44.86 NOTE
r-devel-linux-x86_64-fedora-clang 0.8.2 75.12 NOTE
r-devel-linux-x86_64-fedora-gcc 0.8.2 84.69 NOTE
r-devel-windows-x86_64 0.8.2 6.00 64.00 70.00 NOTE
r-patched-linux-x86_64 0.8.2 3.18 54.20 57.38 NOTE
r-release-linux-x86_64 0.8.2 2.24 54.13 56.37 NOTE
r-release-macos-arm64 0.8.2 38.00 NOTE
r-release-macos-x86_64 0.8.2 75.00 NOTE
r-release-windows-x86_64 0.8.2 4.00 61.00 65.00 NOTE
r-oldrel-macos-arm64 0.8.2 35.00 NOTE
r-oldrel-macos-x86_64 0.8.2 44.00 NOTE
r-oldrel-windows-x86_64 0.8.2 5.00 69.00 74.00 NOTE

Check Details

Version: 0.8.2
Check: package subdirectories
Result: NOTE Problems with news in ‘NEWS.md’: Cannot extract version info from the following section titles: Fixed issues Flavors: r-devel-linux-x86_64-debian-clang, r-devel-linux-x86_64-debian-gcc, r-devel-linux-x86_64-fedora-clang, r-devel-linux-x86_64-fedora-gcc, r-devel-windows-x86_64, r-patched-linux-x86_64, r-release-linux-x86_64, r-release-macos-arm64, r-release-macos-x86_64, r-release-windows-x86_64, r-oldrel-macos-arm64, r-oldrel-macos-x86_64, r-oldrel-windows-x86_64

Version: 0.8.2
Check: LazyData
Result: NOTE 'LazyData' is specified without a 'data' directory Flavors: r-devel-linux-x86_64-debian-clang, r-devel-linux-x86_64-debian-gcc, r-devel-linux-x86_64-fedora-clang, r-devel-linux-x86_64-fedora-gcc, r-devel-windows-x86_64, r-patched-linux-x86_64, r-release-linux-x86_64, r-release-macos-arm64, r-release-macos-x86_64, r-release-windows-x86_64, r-oldrel-macos-arm64, r-oldrel-macos-x86_64, r-oldrel-windows-x86_64