Last updated on 2023-01-31 15:55:58 CET.
Flavor | Version | Tinstall | Tcheck | Ttotal | Status | Flags |
---|---|---|---|---|---|---|
r-devel-linux-x86_64-debian-clang | 0.2.7 | 26.26 | 505.90 | 532.16 | OK | |
r-devel-linux-x86_64-debian-gcc | 0.2.7 | 16.97 | 366.61 | 383.58 | OK | |
r-devel-linux-x86_64-fedora-clang | 0.2.7 | 632.13 | OK | |||
r-devel-linux-x86_64-fedora-gcc | 0.2.7 | 615.43 | OK | |||
r-devel-windows-x86_64 | 0.2.7 | 70.00 | 108.00 | 178.00 | OK | --no-examples --no-tests --no-vignettes |
r-patched-linux-x86_64 | 0.2.7 | 20.58 | 481.86 | 502.44 | OK | |
r-release-linux-x86_64 | 0.2.7 | 18.09 | 457.01 | 475.10 | OK | |
r-release-macos-arm64 | 0.2.7 | 193.00 | OK | |||
r-release-macos-x86_64 | 0.2.7 | 226.00 | OK | |||
r-release-windows-x86_64 | 0.2.7 | 90.00 | 112.00 | 202.00 | OK | --no-examples --no-tests --no-vignettes |
r-oldrel-macos-arm64 | 0.2.7 | 187.00 | WARN | |||
r-oldrel-macos-x86_64 | 0.2.7 | 231.00 | WARN | |||
r-oldrel-windows-ix86+x86_64 | 0.2.7 | 47.00 | 132.00 | 179.00 | WARN | --no-examples --no-tests --no-vignettes |
Version: 0.2.7
Check: whether package can be installed
Result: WARN
Found the following significant warnings:
Note: possible error in 'simplify2array(msg, except = 0L)': unused argument (except = 0)
See ‘/Volumes/Builds/packages/big-sur-arm64/results/4.1/personalized.Rcheck/00install.out’ for details.
Information on the location(s) of code generating the ‘Note’s can be
obtained by re-running with environment variable R_KEEP_PKG_SOURCE set
to ‘yes’.
Flavor: r-oldrel-macos-arm64
Version: 0.2.7
Check: R code for possible problems
Result: NOTE
xgb_cv_personalized: possible error in simplify2array(msg, except =
0L): unused argument (except = 0)
Flavors: r-oldrel-macos-arm64, r-oldrel-macos-x86_64
Version: 0.2.7
Check: whether package can be installed
Result: WARN
Found the following significant warnings:
Note: possible error in 'simplify2array(msg, except = 0L)': unused argument (except = 0)
See ‘/Volumes/Builds/packages/high-sierra-x86_64/results/4.1/personalized.Rcheck/00install.out’ for details.
Information on the location(s) of code generating the ‘Note’s can be
obtained by re-running with environment variable R_KEEP_PKG_SOURCE set
to ‘yes’.
Flavor: r-oldrel-macos-x86_64
Version: 0.2.7
Flags: --no-examples --no-tests --no-vignettes
Check: whether package can be installed
Result: WARN
Found the following significant warnings:
Note: possible error in 'simplify2array(msg, except = 0L)': unused argument (except = 0)
See 'd:/Rcompile/CRANpkg/local/4.1/personalized.Rcheck/00install.out' for details.
Information on the location(s) of code generating the 'Note's can be
obtained by re-running with environment variable R_KEEP_PKG_SOURCE set
to 'yes'.
Flavor: r-oldrel-windows-ix86+x86_64
Version: 0.2.7
Flags: --no-examples --no-tests --no-vignettes
Check: R code for possible problems
Result: NOTE
xgb_cv_personalized: possible error in simplify2array(msg, except =
0L): unused argument (except = 0)
Flavor: r-oldrel-windows-ix86+x86_64