Last updated on 2023-03-24 16:53:30 CET.
Flavor | Version | Tinstall | Tcheck | Ttotal | Status | Flags |
---|---|---|---|---|---|---|
r-devel-linux-x86_64-debian-clang | 0.9-7 | 3.51 | 57.07 | 60.58 | NOTE | |
r-devel-linux-x86_64-debian-gcc | 0.9-7 | 3.19 | 42.58 | 45.77 | NOTE | |
r-devel-linux-x86_64-fedora-clang | 0.9-7 | 75.16 | NOTE | |||
r-devel-linux-x86_64-fedora-gcc | 0.9-7 | 83.45 | NOTE | |||
r-patched-linux-x86_64 | 0.9-7 | 4.83 | 54.91 | 59.74 | OK | |
r-release-linux-x86_64 | 0.9-7 | 3.08 | 55.12 | 58.20 | OK | |
r-release-macos-arm64 | 0.9-7 | 26.00 | OK | |||
r-release-macos-x86_64 | 0.9-7 | 40.00 | OK | |||
r-release-windows-x86_64 | 0.9-7 | 34.00 | 101.00 | 135.00 | OK | |
r-oldrel-macos-arm64 | 0.9-7 | 36.00 | OK | |||
r-oldrel-macos-x86_64 | 0.9-7 | 75.00 | OK | |||
r-oldrel-windows-ix86+x86_64 | 0.9-7 | 7.00 | 95.00 | 102.00 | OK |
Version: 0.9-7
Check: Rd files
Result: NOTE
checkRd: (-1) jackal.Rd:32: Escaped LaTeX specials: \&
Flavors: r-devel-linux-x86_64-debian-clang, r-devel-linux-x86_64-debian-gcc, r-devel-linux-x86_64-fedora-clang, r-devel-linux-x86_64-fedora-gcc