CRAN Package Check Results for Package pencopulaCond

Last updated on 2024-07-21 15:53:41 CEST.

Flavor Version Tinstall Tcheck Ttotal Status Flags
r-devel-linux-x86_64-debian-clang 0.2 19.13 131.22 150.35 NOTE
r-devel-linux-x86_64-debian-gcc 0.2 14.69 96.80 111.49 NOTE
r-devel-linux-x86_64-fedora-clang 0.2 185.87 NOTE
r-devel-linux-x86_64-fedora-gcc 0.2 174.30 NOTE
r-devel-windows-x86_64 0.2 17.00 103.00 120.00 NOTE
r-patched-linux-x86_64 0.2 15.45 126.34 141.79 NOTE
r-release-linux-x86_64 0.2 15.53 125.15 140.68 NOTE
r-release-macos-arm64 0.2 47.00 NOTE
r-release-macos-x86_64 0.2 69.00 NOTE
r-release-windows-x86_64 0.2 17.00 103.00 120.00 NOTE
r-oldrel-macos-arm64 0.2 64.00 NOTE
r-oldrel-macos-x86_64 0.2 91.00 NOTE
r-oldrel-windows-x86_64 0.2 21.00 126.00 147.00 NOTE

Check Details

Version: 0.2
Check: Rd files
Result: NOTE checkRd: (-1) my.bspline.Rd:38: Escaped LaTeX specials: \$ \$ \$ Flavors: r-devel-linux-x86_64-debian-clang, r-devel-linux-x86_64-debian-gcc, r-devel-linux-x86_64-fedora-clang, r-devel-linux-x86_64-fedora-gcc, r-devel-windows-x86_64, r-patched-linux-x86_64, r-release-linux-x86_64, r-release-macos-arm64, r-release-macos-x86_64, r-release-windows-x86_64, r-oldrel-macos-arm64, r-oldrel-macos-x86_64, r-oldrel-windows-x86_64