Last updated on 2023-01-29 03:55:21 CET.
Flavor | Version | Tinstall | Tcheck | Ttotal | Status | Flags |
---|---|---|---|---|---|---|
r-devel-linux-x86_64-debian-clang | 2020.5.13 | 9.58 | 115.56 | 125.14 | OK | |
r-devel-linux-x86_64-debian-gcc | 2020.5.13 | 7.34 | 80.55 | 87.89 | NOTE | |
r-devel-linux-x86_64-fedora-clang | 2020.5.13 | 152.96 | NOTE | |||
r-devel-linux-x86_64-fedora-gcc | 2020.5.13 | 151.59 | NOTE | |||
r-patched-linux-x86_64 | 2020.5.13 | 8.66 | 104.23 | 112.89 | OK | |
r-release-linux-x86_64 | 2020.5.13 | 6.60 | 105.42 | 112.02 | OK | |
r-release-macos-arm64 | 2020.5.13 | 42.00 | NOTE | |||
r-release-macos-x86_64 | 2020.5.13 | 85.00 | OK | |||
r-release-windows-x86_64 | 2020.5.13 | 43.00 | 140.00 | 183.00 | OK | |
r-oldrel-macos-arm64 | 2020.5.13 | 55.00 | OK | |||
r-oldrel-macos-x86_64 | 2020.5.13 | 73.00 | OK | |||
r-oldrel-windows-ix86+x86_64 | 2020.5.13 | 25.00 | 209.00 | 234.00 | OK |
Version: 2020.5.13
Check: C++ specification
Result: NOTE
Specified C++11: please update to current default of C++17
Flavors: r-devel-linux-x86_64-debian-gcc, r-devel-linux-x86_64-fedora-clang, r-devel-linux-x86_64-fedora-gcc
Version: 2020.5.13
Check: package dependencies
Result: NOTE
Package suggested but not available for checking: ‘jointseg’
Flavor: r-release-macos-arm64