Last updated on 2022-05-21 04:59:16 CEST.
Flavor | Version | Tinstall | Tcheck | Ttotal | Status | Flags |
---|---|---|---|---|---|---|
r-devel-linux-x86_64-debian-clang | 0.9-52 | 92.90 | 136.42 | 229.32 | OK | |
r-devel-linux-x86_64-debian-gcc | 0.9-52 | 71.08 | 102.20 | 173.28 | OK | |
r-devel-linux-x86_64-fedora-clang | 0.9-52 | 303.16 | OK | |||
r-devel-linux-x86_64-fedora-gcc | 0.9-52 | 296.08 | OK | |||
r-devel-windows-x86_64 | 0.9-52 | 92.00 | 177.00 | 269.00 | OK | |
r-patched-linux-x86_64 | 0.9-52 | 84.75 | 129.52 | 214.27 | OK | |
r-release-linux-x86_64 | 0.9-52 | 81.64 | 130.56 | 212.20 | OK | |
r-release-macos-arm64 | 0.9-52 | 85.00 | NOTE | |||
r-release-macos-x86_64 | 0.9-52 | 111.00 | NOTE | |||
r-release-windows-x86_64 | 0.9-52 | 112.00 | 181.00 | 293.00 | OK | |
r-oldrel-macos-arm64 | 0.9-52 | 83.00 | NOTE | |||
r-oldrel-macos-x86_64 | 0.9-52 | 114.00 | NOTE | |||
r-oldrel-windows-ix86+x86_64 | 0.9-52 | 210.00 | 188.00 | 398.00 | OK |
Version: 0.9-52
Check: installed package size
Result: NOTE
installed size is 6.3Mb
sub-directories of 1Mb or more:
libs 5.4Mb
Flavors: r-release-macos-arm64, r-release-macos-x86_64, r-oldrel-macos-arm64, r-oldrel-macos-x86_64