CRAN Package Check Results for Package penDvine

Last updated on 2021-12-02 15:52:48 CET.

Flavor Version Tinstall Tcheck Ttotal Status Flags
r-devel-linux-x86_64-debian-clang 0.2.4 10.67 92.79 103.46 OK
r-devel-linux-x86_64-debian-gcc 0.2.4 9.85 70.87 80.72 OK
r-devel-linux-x86_64-fedora-clang 0.2.4 135.65 OK
r-devel-linux-x86_64-fedora-gcc 0.2.4 124.48 OK
r-devel-windows-x86_64-new-UL 0.2.4 21.00 130.00 151.00 ERROR
r-devel-windows-x86_64-new-TK 0.2.4 OK
r-devel-windows-x86_64-old 0.2.4 17.00 88.00 105.00 ERROR
r-patched-linux-x86_64 0.2.4 11.14 88.58 99.72 OK
r-patched-solaris-x86 0.2.4 182.70 OK
r-release-linux-x86_64 0.2.4 10.87 89.50 100.37 OK
r-release-macos-arm64 0.2.4 OK
r-release-macos-x86_64 0.2.4 OK
r-release-windows-ix86+x86_64 0.2.4 26.00 113.00 139.00 ERROR
r-oldrel-macos-x86_64 0.2.4 OK
r-oldrel-windows-ix86+x86_64 0.2.4 24.00 120.00 144.00 ERROR

Check Details

Version: 0.2.4
Check: examples
Result: ERROR
    Running examples in 'penDvine-Ex.R' failed
    The error most likely occurred in:
    
    > ### Name: penDvine-package
    > ### Title: The package 'penDvine' offers routines for estimating densities
    > ### and copula distribution of D-vines.
    > ### Aliases: penDvine-package
    >
    > ### ** Examples
    >
    > #This examples describes the estimation of a D-vine to winddata,
    > #available in this package. After the margins are prepared, we estimate a
    > #D-vine using B-splines with 9 (K+1) marginal knots and penalizing second (m=2)
    > #order differences (pen=1) of the basis coefficients.
    >
    > data(Winddata)
    > ex.data<-Winddata[c(1:100),c(1:4)] #examplary subdata for fast calculation
    > wind.example<-Dvine(ex.data,K=7,pen=1,lambda=100,order.Dvine=FALSE,base="B-spline",m=2,cores=2)
    >
    >
    >
    > ### * <FOOTER>
    > ###
    > cleanEx()
    Error: connections left open:
     <-CRANWIN2.fb05.statistik.uni-dortmund.de:11070 (sockconn)
     <-CRANWIN2.fb05.statistik.uni-dortmund.de:11070 (sockconn)
    Execution halted
Flavor: r-devel-windows-x86_64-new-UL

Version: 0.2.4
Check: examples
Result: ERROR
    Running examples in 'penDvine-Ex.R' failed
    The error most likely occurred in:
    
    > ### Name: penDvine-package
    > ### Title: The package 'penDvine' offers routines for estimating densities
    > ### and copula distribution of D-vines.
    > ### Aliases: penDvine-package
    >
    > ### ** Examples
    >
    > #This examples describes the estimation of a D-vine to winddata,
    > #available in this package. After the margins are prepared, we estimate a
    > #D-vine using B-splines with 9 (K+1) marginal knots and penalizing second (m=2)
    > #order differences (pen=1) of the basis coefficients.
    >
    > data(Winddata)
    > ex.data<-Winddata[c(1:100),c(1:4)] #examplary subdata for fast calculation
    > wind.example<-Dvine(ex.data,K=7,pen=1,lambda=100,order.Dvine=FALSE,base="B-spline",m=2,cores=2)
    >
    >
    >
    > ### * <FOOTER>
    > ###
    > cleanEx()
    Error: connections left open:
     <-CRANwin.fb05.statistik.uni-dortmund.de:11359 (sockconn)
     <-CRANwin.fb05.statistik.uni-dortmund.de:11359 (sockconn)
    Execution halted
Flavor: r-devel-windows-x86_64-old

Version: 0.2.4
Check: examples
Result: ERROR
    Running examples in 'penDvine-Ex.R' failed
    The error most likely occurred in:
    
    > ### Name: penDvine-package
    > ### Title: The package 'penDvine' offers routines for estimating densities
    > ### and copula distribution of D-vines.
    > ### Aliases: penDvine-package
    >
    > ### ** Examples
    >
    > #This examples describes the estimation of a D-vine to winddata,
    > #available in this package. After the margins are prepared, we estimate a
    > #D-vine using B-splines with 9 (K+1) marginal knots and penalizing second (m=2)
    > #order differences (pen=1) of the basis coefficients.
    >
    > data(Winddata)
    > ex.data<-Winddata[c(1:100),c(1:4)] #examplary subdata for fast calculation
    > wind.example<-Dvine(ex.data,K=7,pen=1,lambda=100,order.Dvine=FALSE,base="B-spline",m=2,cores=2)
    >
    >
    >
    > ### * <FOOTER>
    > ###
    > cleanEx()
    Error: connections left open:
     <-CRANwin.fb05.statistik.uni-dortmund.de:11716 (sockconn)
     <-CRANwin.fb05.statistik.uni-dortmund.de:11716 (sockconn)
    Execution halted
Flavor: r-release-windows-ix86+x86_64

Version: 0.2.4
Check: examples
Result: ERROR
    Running examples in 'penDvine-Ex.R' failed
    The error most likely occurred in:
    
    > ### Name: penDvine-package
    > ### Title: The package 'penDvine' offers routines for estimating densities
    > ### and copula distribution of D-vines.
    > ### Aliases: penDvine-package
    >
    > ### ** Examples
    >
    > #This examples describes the estimation of a D-vine to winddata,
    > #available in this package. After the margins are prepared, we estimate a
    > #D-vine using B-splines with 9 (K+1) marginal knots and penalizing second (m=2)
    > #order differences (pen=1) of the basis coefficients.
    >
    > data(Winddata)
    > ex.data<-Winddata[c(1:100),c(1:4)] #examplary subdata for fast calculation
    > wind.example<-Dvine(ex.data,K=7,pen=1,lambda=100,order.Dvine=FALSE,base="B-spline",m=2,cores=2)
    >
    >
    >
    > ### * <FOOTER>
    > ###
    > cleanEx()
    Error: connections left open:
     <-CRANwin.fb05.statistik.uni-dortmund.de:11268 (sockconn)
     <-CRANwin.fb05.statistik.uni-dortmund.de:11268 (sockconn)
    Execution halted
Flavor: r-oldrel-windows-ix86+x86_64