Last updated on 2022-06-28 15:53:24 CEST.
Flavor | Version | Tinstall | Tcheck | Ttotal | Status | Flags |
---|---|---|---|---|---|---|
r-devel-linux-x86_64-debian-clang | 0.1.1 | 1182.00 | 267.76 | 1449.76 | NOTE | |
r-devel-linux-x86_64-debian-gcc | 0.1.1 | 1081.11 | 253.70 | 1334.81 | NOTE | |
r-devel-linux-x86_64-fedora-clang | 0.1.1 | 2069.43 | NOTE | |||
r-devel-linux-x86_64-fedora-gcc | 0.1.1 | 2237.19 | NOTE | |||
r-devel-windows-x86_64 | 0.1.1 | 747.00 | 368.00 | 1115.00 | NOTE | |
r-patched-linux-x86_64 | 0.1.1 | 981.91 | 329.41 | 1311.32 | ERROR | |
r-release-linux-x86_64 | 0.1.1 | 979.53 | 310.83 | 1290.36 | ERROR | |
r-release-macos-arm64 | 0.1.1 | 559.00 | NOTE | |||
r-release-macos-x86_64 | 0.1.1 | 698.00 | NOTE | |||
r-release-windows-x86_64 | 0.1.1 | 786.00 | 388.00 | 1174.00 | NOTE | |
r-oldrel-macos-arm64 | 0.1.1 | 548.00 | NOTE | |||
r-oldrel-macos-x86_64 | 0.1.1 | 708.00 | NOTE | |||
r-oldrel-windows-ix86+x86_64 | 0.1.1 | 2659.00 | 560.00 | 3219.00 | NOTE |
Version: 0.1.1
Check: for GNU extensions in Makefiles
Result: NOTE
GNU make is a SystemRequirements.
Flavors: r-devel-linux-x86_64-debian-clang, r-devel-linux-x86_64-debian-gcc, r-devel-linux-x86_64-fedora-clang, r-devel-linux-x86_64-fedora-gcc, r-devel-windows-x86_64, r-patched-linux-x86_64, r-release-linux-x86_64, r-release-macos-arm64, r-release-macos-x86_64, r-release-windows-x86_64, r-oldrel-macos-arm64, r-oldrel-macos-x86_64, r-oldrel-windows-ix86+x86_64
Version: 0.1.1
Check: installed package size
Result: NOTE
installed size is 106.7Mb
sub-directories of 1Mb or more:
libs 105.7Mb
Flavors: r-devel-linux-x86_64-fedora-clang, r-devel-windows-x86_64, r-release-macos-arm64, r-release-macos-x86_64, r-release-windows-x86_64, r-oldrel-macos-arm64, r-oldrel-macos-x86_64, r-oldrel-windows-ix86+x86_64
Version: 0.1.1
Check: package dependencies
Result: NOTE
Package suggested but not available for checking: ‘tidySEM’
Flavors: r-patched-linux-x86_64, r-release-linux-x86_64
Version: 0.1.1
Check: re-building of vignette outputs
Result: ERROR
Error(s) in re-building vignettes:
...
--- re-building ‘using-brma.Rmd’ using rmarkdown
Quitting from lines 26-30 (using-brma.Rmd)
Error: processing vignette ‘using-brma.Rmd’ failed with diagnostics:
there is no package called 'tidySEM'
--- failed re-building ‘using-brma.Rmd’
SUMMARY: processing the following file failed:
‘using-brma.Rmd’
Error: Vignette re-building failed.
Execution halted
Flavors: r-patched-linux-x86_64, r-release-linux-x86_64