Last updated on 2023-11-30 15:48:25 CET.
Flavor | Version | Tinstall | Tcheck | Ttotal | Status | Flags |
---|---|---|---|---|---|---|
r-devel-linux-x86_64-debian-clang | 0.2.4 | 183.02 | 101.12 | 284.14 | NOTE | |
r-devel-linux-x86_64-debian-gcc | 0.2.4 | 130.21 | 73.23 | 203.44 | NOTE | |
r-devel-linux-x86_64-fedora-clang | 0.2.4 | 397.23 | NOTE | |||
r-devel-linux-x86_64-fedora-gcc | 0.2.4 | 449.02 | OK | |||
r-devel-windows-x86_64 | 0.2.4 | 135.00 | 141.00 | 276.00 | NOTE | |
r-patched-linux-x86_64 | 0.2.4 | 132.91 | 99.96 | 232.87 | OK | |
r-release-linux-x86_64 | 0.2.4 | 115.66 | 97.69 | 213.35 | OK | |
r-release-macos-arm64 | 0.2.4 | 119.00 | NOTE | |||
r-release-macos-x86_64 | 0.2.4 | 171.00 | NOTE | |||
r-release-windows-x86_64 | 0.2.4 | 186.00 | 161.00 | 347.00 | NOTE | |
r-oldrel-macos-arm64 | 0.2.4 | 99.00 | NOTE | |||
r-oldrel-macos-x86_64 | 0.2.4 | 117.00 | NOTE | |||
r-oldrel-windows-x86_64 | 0.2.4 | 166.00 | 155.00 | 321.00 | NOTE |
Version: 0.2.4
Check: Rd files
Result: NOTE
checkRd: (-1) pedigree_ll_terms.Rd:16: Lost braces in \itemize; meant \describe ?
checkRd: (-1) pedigree_ll_terms.Rd:17: Lost braces in \itemize; meant \describe ?
checkRd: (-1) pedigree_ll_terms.Rd:18: Lost braces in \itemize; meant \describe ?
checkRd: (-1) pedigree_ll_terms.Rd:19-20: Lost braces in \itemize; meant \describe ?
Flavors: r-devel-linux-x86_64-debian-clang, r-devel-linux-x86_64-debian-gcc
Version: 0.2.4
Check: installed package size
Result: NOTE
installed size is 6.0Mb
sub-directories of 1Mb or more:
doc 4.0Mb
libs 1.7Mb
Flavors: r-devel-linux-x86_64-fedora-clang, r-devel-windows-x86_64, r-release-macos-arm64, r-release-macos-x86_64, r-release-windows-x86_64, r-oldrel-macos-arm64, r-oldrel-macos-x86_64, r-oldrel-windows-x86_64