CRAN Package Check Results for Package pdR

Last updated on 2022-01-28 04:00:57 CET.

Flavor Version Tinstall Tcheck Ttotal Status Flags
r-devel-linux-x86_64-debian-clang 1.7 10.23 123.99 134.22 OK
r-devel-linux-x86_64-debian-gcc 1.7 9.37 92.91 102.28 OK
r-devel-linux-x86_64-fedora-clang 1.7 159.15 NOTE
r-devel-linux-x86_64-fedora-gcc 1.7 150.73 NOTE
r-devel-windows-x86_64-new-UL 1.7 37.00 139.00 176.00 OK
r-devel-windows-x86_64-new-TK 1.7 ERROR
r-patched-linux-x86_64 1.7 11.83 112.28 124.11 OK
r-release-linux-x86_64 1.7 10.06 110.38 120.44 OK
r-release-macos-arm64 1.7 NOTE
r-release-macos-x86_64 1.7 NOTE
r-release-windows-ix86+x86_64 1.7 28.00 119.00 147.00 OK
r-oldrel-macos-x86_64 1.7 NOTE
r-oldrel-windows-ix86+x86_64 1.7 25.00 120.00 145.00 OK

Check Details

Version: 1.7
Check: dependencies in R code
Result: NOTE
    Namespaces in Imports field not imported from:
     ‘car’ ‘sandwich’
     All declared Imports should be used.
Flavors: r-devel-linux-x86_64-fedora-clang, r-devel-linux-x86_64-fedora-gcc, r-release-macos-arm64, r-release-macos-x86_64, r-oldrel-macos-x86_64

Version: 1.7
Check: package dependencies
Result: ERROR
    Packages required but not available: 'car', 'papeR'
    
    See section 'The DESCRIPTION file' in the 'Writing R Extensions'
    manual.
Flavor: r-devel-windows-x86_64-new-TK