CRAN Package Check Results for Package pcds

Last updated on 2022-01-19 04:48:31 CET.

Flavor Version Tinstall Tcheck Ttotal Status Flags
r-devel-linux-x86_64-debian-clang 0.1.2 49.88 302.84 352.72 OK
r-devel-linux-x86_64-debian-gcc 0.1.2 36.19 221.82 258.01 OK
r-devel-linux-x86_64-fedora-clang 0.1.2 429.61 NOTE
r-devel-linux-x86_64-fedora-gcc 0.1.2 418.16 OK
r-devel-windows-x86_64-new-UL 0.1.2 192.00 298.00 490.00 OK
r-devel-windows-x86_64-new-TK 0.1.2 OK
r-patched-linux-x86_64 0.1.2 56.79 302.90 359.69 OK
r-release-linux-x86_64 0.1.2 OK
r-release-macos-arm64 0.1.2 OK
r-release-macos-x86_64 0.1.2 OK
r-release-windows-ix86+x86_64 0.1.2 56.00 304.00 360.00 OK
r-oldrel-macos-x86_64 0.1.2 OK
r-oldrel-windows-ix86+x86_64 0.1.2 53.00 305.00 358.00 OK

Check Details

Version: 0.1.2
Check: Rd cross-references
Result: NOTE
    Undeclared package ‘spatstat.core’ in Rd xrefs
Flavor: r-devel-linux-x86_64-fedora-clang