CRAN Package Check Results for Package pcFactorStan

Last updated on 2021-10-26 15:51:20 CEST.

Flavor Version Tinstall Tcheck Ttotal Status Flags
r-devel-linux-x86_64-debian-clang 1.5.3 972.39 241.48 1213.87 NOTE
r-devel-linux-x86_64-debian-gcc 1.5.3 869.91 227.38 1097.29 NOTE
r-devel-linux-x86_64-fedora-clang 1.5.3 1892.97 NOTE
r-devel-linux-x86_64-fedora-gcc 1.5.3 2022.74 NOTE
r-devel-windows-x86_64 1.5.3 1152.00 385.00 1537.00 NOTE
r-devel-windows-x86_64-gcc10-UCRT 1.5.3 NOTE
r-patched-linux-x86_64 1.5.3 981.47 288.04 1269.51 NOTE
r-patched-solaris-x86 1.5.3 1601.60 NOTE
r-release-linux-x86_64 1.5.3 973.13 281.73 1254.86 NOTE
r-release-macos-arm64 1.5.3 NOTE
r-release-macos-x86_64 1.5.3 NOTE
r-release-windows-ix86+x86_64 1.5.3 844.00 328.00 1172.00 NOTE
r-oldrel-macos-x86_64 1.5.3 NOTE
r-oldrel-windows-ix86+x86_64 1.5.3 1007.00 8.00 1015.00 ERROR

Check Details

Version: 1.5.3
Check: for GNU extensions in Makefiles
Result: NOTE
    GNU make is a SystemRequirements.
Flavors: r-devel-linux-x86_64-debian-clang, r-devel-linux-x86_64-debian-gcc, r-devel-linux-x86_64-fedora-clang, r-devel-linux-x86_64-fedora-gcc, r-devel-windows-x86_64, r-devel-windows-x86_64-gcc10-UCRT, r-patched-linux-x86_64, r-patched-solaris-x86, r-release-linux-x86_64, r-release-macos-arm64, r-release-macos-x86_64, r-release-windows-ix86+x86_64, r-oldrel-macos-x86_64

Version: 1.5.3
Check: installed package size
Result: NOTE
     installed size is 128.0Mb
     sub-directories of 1Mb or more:
     doc 2.9Mb
     libs 124.3Mb
Flavors: r-devel-linux-x86_64-fedora-clang, r-devel-windows-x86_64, r-patched-solaris-x86, r-release-macos-arm64, r-release-macos-x86_64, r-release-windows-ix86+x86_64, r-oldrel-macos-x86_64

Version: 1.5.3
Check: dependencies in R code
Result: NOTE
    Namespace in Imports field not imported from: ‘rstantools’
     All declared Imports should be used.
Flavors: r-devel-linux-x86_64-fedora-clang, r-devel-linux-x86_64-fedora-gcc, r-devel-windows-x86_64-gcc10-UCRT, r-patched-solaris-x86, r-release-macos-arm64, r-release-macos-x86_64, r-oldrel-macos-x86_64

Version: 1.5.3
Check: whether package can be installed
Result: ERROR
    Installation failed.
Flavor: r-oldrel-windows-ix86+x86_64