CRAN Package Check Results for Package pbs

Last updated on 2024-07-24 15:51:44 CEST.

Flavor Version Tinstall Tcheck Ttotal Status Flags
r-devel-linux-x86_64-debian-clang 1.1 1.74 21.63 23.37 NOTE
r-devel-linux-x86_64-debian-gcc 1.1 1.52 16.83 18.35 NOTE
r-devel-linux-x86_64-fedora-clang 1.1 30.13 NOTE
r-devel-linux-x86_64-fedora-gcc 1.1 28.57 NOTE
r-devel-windows-x86_64 1.1 3.00 38.00 41.00 NOTE
r-patched-linux-x86_64 1.1 1.75 21.06 22.81 NOTE
r-release-linux-x86_64 1.1 1.68 20.59 22.27 NOTE
r-release-macos-arm64 1.1 14.00 NOTE
r-release-macos-x86_64 1.1 19.00 NOTE
r-release-windows-x86_64 1.1 2.00 37.00 39.00 NOTE
r-oldrel-macos-arm64 1.1 15.00 NOTE
r-oldrel-macos-x86_64 1.1 19.00 NOTE
r-oldrel-windows-x86_64 1.1 2.00 38.00 40.00 NOTE

Check Details

Version: 1.1
Check: DESCRIPTION meta-information
Result: NOTE Malformed Description field: should contain one or more complete sentences. Flavors: r-devel-linux-x86_64-debian-clang, r-devel-linux-x86_64-debian-gcc, r-devel-linux-x86_64-fedora-clang, r-devel-linux-x86_64-fedora-gcc, r-devel-windows-x86_64, r-patched-linux-x86_64, r-release-linux-x86_64, r-release-macos-arm64, r-release-macos-x86_64, r-release-windows-x86_64, r-oldrel-macos-arm64, r-oldrel-macos-x86_64, r-oldrel-windows-x86_64