CRAN Package Check Results for Package pbdMPI

Last updated on 2022-01-24 15:54:21 CET.

Flavor Version Tinstall Tcheck Ttotal Status Flags
r-devel-linux-x86_64-debian-clang 0.4-4 17.15 90.67 107.82 OK
r-devel-linux-x86_64-debian-gcc 0.4-4 14.94 69.63 84.57 OK
r-devel-linux-x86_64-fedora-clang 0.4-4 140.58 OK
r-devel-linux-x86_64-fedora-gcc 0.4-4 131.67 OK
r-devel-windows-x86_64-new-UL 0.4-4 471.00 163.00 634.00 OK
r-devel-windows-x86_64-new-TK 0.4-4 OK
r-patched-linux-x86_64 0.4-4 19.14 87.88 107.02 OK
r-release-linux-x86_64 0.4-4 16.32 87.29 103.61 OK
r-release-macos-arm64 0.4-4 ERROR
r-release-macos-x86_64 0.4-4 ERROR
r-release-windows-ix86+x86_64 0.4-4 56.00 100.00 156.00 OK
r-oldrel-macos-x86_64 0.4-4 ERROR
r-oldrel-windows-ix86+x86_64 0.4-4 46.00 86.00 132.00 OK

Check Details

Version: 0.4-4
Check: whether package can be installed
Result: ERROR
    Installation failed.
Flavors: r-release-macos-arm64, r-release-macos-x86_64, r-oldrel-macos-x86_64