CRAN Package Check Results for Package patientProfilesVis

Last updated on 2021-11-28 15:48:49 CET.

Flavor Version Tinstall Tcheck Ttotal Status Flags
r-devel-linux-x86_64-debian-clang 2.0.2 OK
r-devel-linux-x86_64-debian-gcc 2.0.2 7.21 133.95 141.16 OK
r-devel-linux-x86_64-fedora-clang 2.0.2 233.44 NOTE
r-devel-linux-x86_64-fedora-gcc 2.0.2 217.72 OK
r-devel-windows-x86_64-new-UL 2.0.2 27.00 266.00 293.00 NOTE
r-devel-windows-x86_64-new-TK 2.0.2 OK
r-devel-windows-x86_64-old 2.0.2 14.00 232.00 246.00 NOTE
r-patched-linux-x86_64 2.0.2 15.24 164.68 179.92 OK
r-patched-solaris-x86 2.0.2 204.90 NOTE
r-release-linux-x86_64 2.0.2 8.74 165.34 174.08 OK
r-release-macos-arm64 2.0.2 NOTE
r-release-macos-x86_64 2.0.2 NOTE
r-release-windows-ix86+x86_64 2.0.2 22.00 153.00 175.00 NOTE
r-oldrel-macos-x86_64 2.0.2 NOTE
r-oldrel-windows-ix86+x86_64 2.0.2 21.00 221.00 242.00 NOTE

Check Details

Version: 2.0.2
Check: installed package size
Result: NOTE
     installed size is 5.4Mb
     sub-directories of 1Mb or more:
     doc 5.0Mb
Flavors: r-devel-linux-x86_64-fedora-clang, r-devel-windows-x86_64-new-UL, r-devel-windows-x86_64-old, r-patched-solaris-x86, r-release-macos-arm64, r-release-macos-x86_64, r-release-windows-ix86+x86_64, r-oldrel-macos-x86_64, r-oldrel-windows-ix86+x86_64