CRAN Package Check Results for Package patPRO

Last updated on 2021-10-16 15:50:54 CEST.

Flavor Version Tinstall Tcheck Ttotal Status Flags
r-devel-linux-x86_64-debian-clang 1.1.0 5.95 56.78 62.73 NOTE
r-devel-linux-x86_64-debian-gcc 1.1.0 4.84 43.27 48.11 NOTE
r-devel-linux-x86_64-fedora-clang 1.1.0 85.67 NOTE
r-devel-linux-x86_64-fedora-gcc 1.1.0 73.20 NOTE
r-devel-windows-x86_64 1.1.0 8.00 59.00 67.00 NOTE
r-devel-windows-x86_64-gcc10-UCRT 1.1.0 NOTE
r-patched-linux-x86_64 1.1.0 5.99 53.70 59.69 NOTE
r-patched-solaris-x86 1.1.0 107.60 NOTE
r-release-linux-x86_64 1.1.0 5.37 53.03 58.40 NOTE
r-release-macos-arm64 1.1.0 NOTE
r-release-macos-x86_64 1.1.0 NOTE
r-release-windows-ix86+x86_64 1.1.0 15.00 86.00 101.00 NOTE
r-oldrel-macos-x86_64 1.1.0 NOTE
r-oldrel-windows-ix86+x86_64 1.1.0 16.00 83.00 99.00 NOTE

Check Details

Version: 1.1.0
Check: DESCRIPTION meta-information
Result: NOTE
    Checking should be performed on sources prepared by 'R CMD build'.
Flavors: r-devel-linux-x86_64-debian-clang, r-devel-linux-x86_64-debian-gcc, r-devel-linux-x86_64-fedora-clang, r-devel-linux-x86_64-fedora-gcc, r-devel-windows-x86_64, r-devel-windows-x86_64-gcc10-UCRT, r-patched-linux-x86_64, r-patched-solaris-x86, r-release-linux-x86_64, r-release-macos-arm64, r-release-macos-x86_64, r-release-windows-ix86+x86_64, r-oldrel-macos-x86_64, r-oldrel-windows-ix86+x86_64