CRAN Package Check Results for Package parallelMap

Last updated on 2021-12-03 15:52:26 CET.

Flavor Version Tinstall Tcheck Ttotal Status Flags
r-devel-linux-x86_64-debian-clang 1.5.1 3.19 53.34 56.53 OK
r-devel-linux-x86_64-debian-gcc 1.5.1 2.45 41.55 44.00 OK
r-devel-linux-x86_64-fedora-clang 1.5.1 79.67 OK
r-devel-linux-x86_64-fedora-gcc 1.5.1 68.44 OK
r-devel-windows-x86_64-new-UL 1.5.1 10.00 105.00 115.00 OK
r-devel-windows-x86_64-new-TK 1.5.1 OK
r-devel-windows-x86_64-old 1.5.1 7.00 66.00 73.00 OK
r-patched-linux-x86_64 1.5.1 3.50 50.10 53.60 OK
r-release-linux-x86_64 1.5.1 3.37 50.11 53.48 OK
r-release-macos-arm64 1.5.1 NOTE
r-release-macos-x86_64 1.5.1 NOTE
r-release-windows-ix86+x86_64 1.5.1 7.00 86.00 93.00 OK
r-oldrel-macos-x86_64 1.5.1 NOTE
r-oldrel-windows-ix86+x86_64 1.5.1 25.00 81.00 106.00 OK

Check Details

Version: 1.5.1
Check: package dependencies
Result: NOTE
    Package suggested but not available for checking: ‘Rmpi’
Flavors: r-release-macos-arm64, r-release-macos-x86_64, r-oldrel-macos-x86_64