CRAN Package Check Results for Package parSim

Last updated on 2022-01-21 03:56:06 CET.

Flavor Version Tinstall Tcheck Ttotal Status Flags
r-devel-linux-x86_64-debian-clang 0.1.4 OK
r-devel-linux-x86_64-debian-gcc 0.1.4 3.10 40.57 43.67 OK
r-devel-linux-x86_64-fedora-clang 0.1.4 69.50 NOTE
r-devel-linux-x86_64-fedora-gcc 0.1.4 62.18 NOTE
r-devel-windows-x86_64-new-UL 0.1.4 13.00 74.00 87.00 OK
r-devel-windows-x86_64-new-TK 0.1.4 NOTE
r-patched-linux-x86_64 0.1.4 3.98 50.80 54.78 OK
r-release-linux-x86_64 0.1.4 3.58 50.45 54.03 OK
r-release-macos-arm64 0.1.4 NOTE
r-release-macos-x86_64 0.1.4 NOTE
r-release-windows-ix86+x86_64 0.1.4 11.00 61.00 72.00 OK
r-oldrel-macos-x86_64 0.1.4 NOTE
r-oldrel-windows-ix86+x86_64 0.1.4 11.00 60.00 71.00 OK

Check Details

Version: 0.1.4
Check: dependencies in R code
Result: NOTE
    Namespace in Imports field not imported from: ‘parallel’
     All declared Imports should be used.
Flavors: r-devel-linux-x86_64-fedora-clang, r-devel-linux-x86_64-fedora-gcc, r-devel-windows-x86_64-new-TK, r-release-macos-arm64, r-release-macos-x86_64, r-oldrel-macos-x86_64