CRAN Package Check Results for Package panelvar

Last updated on 2022-01-20 03:55:36 CET.

Flavor Version Tinstall Tcheck Ttotal Status Flags
r-devel-linux-x86_64-debian-clang 0.5.3 OK
r-devel-linux-x86_64-debian-gcc 0.5.3 12.08 89.27 101.35 OK
r-devel-linux-x86_64-fedora-clang 0.5.3 163.22 NOTE
r-devel-linux-x86_64-fedora-gcc 0.5.3 163.81 NOTE
r-devel-windows-x86_64-new-UL 0.5.3 87.00 136.00 223.00 OK
r-devel-windows-x86_64-new-TK 0.5.3 NOTE
r-patched-linux-x86_64 0.5.3 13.93 116.00 129.93 OK
r-release-linux-x86_64 0.5.3 OK
r-release-macos-arm64 0.5.3 NOTE
r-release-macos-x86_64 0.5.3 NOTE
r-release-windows-ix86+x86_64 0.5.3 32.00 134.00 166.00 OK
r-oldrel-macos-x86_64 0.5.3 NOTE
r-oldrel-windows-ix86+x86_64 0.5.3 31.00 132.00 163.00 OK

Check Details

Version: 0.5.3
Check: dependencies in R code
Result: NOTE
    Namespace in Imports field not imported from: ‘methods’
     All declared Imports should be used.
Flavors: r-devel-linux-x86_64-fedora-clang, r-devel-linux-x86_64-fedora-gcc, r-devel-windows-x86_64-new-TK, r-release-macos-arm64, r-release-macos-x86_64, r-oldrel-macos-x86_64