CRAN Package Check Results for Package pamr

Last updated on 2021-12-05 15:48:49 CET.

Flavor Version Tinstall Tcheck Ttotal Status Flags
r-devel-linux-x86_64-debian-clang 1.56.1 9.77 83.84 93.61 OK
r-devel-linux-x86_64-debian-gcc 1.56.1 7.95 65.75 73.70 OK
r-devel-linux-x86_64-fedora-clang 1.56.1 114.91 NOTE
r-devel-linux-x86_64-fedora-gcc 1.56.1 104.09 NOTE
r-devel-windows-x86_64-new-UL 1.56.1 20.00 117.00 137.00 OK
r-devel-windows-x86_64-new-TK 1.56.1 OK
r-devel-windows-x86_64-old 1.56.1 15.00 78.00 93.00 OK
r-patched-linux-x86_64 1.56.1 9.73 74.00 83.73 OK
r-release-linux-x86_64 1.56.1 9.21 81.66 90.87 OK
r-release-macos-arm64 1.56.1 OK
r-release-macos-x86_64 1.56.1 OK
r-release-windows-ix86+x86_64 1.56.1 22.00 134.00 156.00 OK
r-oldrel-macos-x86_64 1.56.1 OK
r-oldrel-windows-ix86+x86_64 1.56.1 21.00 129.00 150.00 OK

Check Details

Version: 1.56.1
Check: compiled code
Result: NOTE
    File ‘pamr/libs/pamr.so’:
     Found no calls to: ‘R_registerRoutines’, ‘R_useDynamicSymbols’
    
    It is good practice to register native routines and to disable symbol
    search.
    
    See ‘Writing portable packages’ in the ‘Writing R Extensions’ manual.
Flavors: r-devel-linux-x86_64-fedora-clang, r-devel-linux-x86_64-fedora-gcc