CRAN Package Check Results for Package palmerpenguins

Last updated on 2024-06-13 03:49:28 CEST.

Flavor Version Tinstall Tcheck Ttotal Status Flags
r-devel-linux-x86_64-debian-clang 0.1.1 2.51 22.00 24.51 OK
r-devel-linux-x86_64-debian-gcc 0.1.1 1.69 16.63 18.32 WARN
r-devel-linux-x86_64-fedora-clang 0.1.1 31.48 OK
r-devel-linux-x86_64-fedora-gcc 0.1.1 29.47 OK
r-devel-windows-x86_64 0.1.1 4.00 40.00 44.00 OK
r-patched-linux-x86_64 0.1.1 2.50 21.77 24.27 OK
r-release-linux-x86_64 0.1.1 2.66 21.74 24.40 OK
r-release-macos-arm64 0.1.1 14.00 OK
r-release-macos-x86_64 0.1.1 20.00 OK
r-release-windows-x86_64 0.1.1 3.00 42.00 45.00 OK
r-oldrel-macos-arm64 0.1.1 16.00 OK
r-oldrel-macos-x86_64 0.1.1 22.00 OK
r-oldrel-windows-x86_64 0.1.1 3.00 42.00 45.00 OK

Check Details

Version: 0.1.1
Check: package dependencies
Result: NOTE Packages suggested but not available for checking: 'tibble', 'ggplot2', 'dplyr', 'tidyr', 'recipes' Flavor: r-devel-linux-x86_64-debian-gcc

Version: 0.1.1
Check: for code/documentation mismatches
Result: WARN Error in get(f, envir = code_env) : cannot return a promise (PROMSXP) object Calls: <Anonymous> -> Filter -> unlist -> lapply -> FUN -> get Execution halted Flavor: r-devel-linux-x86_64-debian-gcc