CRAN Package Check Results for Package paletteer

Last updated on 2021-09-23 03:51:07 CEST.

Flavor Version Tinstall Tcheck Ttotal Status Flags
r-devel-linux-x86_64-debian-clang 1.4.0 5.13 43.83 48.96 OK
r-devel-linux-x86_64-debian-gcc 1.4.0 3.94 33.45 37.39 OK
r-devel-linux-x86_64-fedora-clang 1.4.0 64.72 OK
r-devel-linux-x86_64-fedora-gcc 1.4.0 54.92 OK
r-devel-windows-x86_64 1.4.0 6.00 48.00 54.00 OK
r-devel-windows-x86_64-gcc10-UCRT 1.4.0 ERROR
r-patched-linux-x86_64 1.4.0 5.61 41.13 46.74 OK
r-patched-solaris-x86 1.4.0 85.10 OK
r-release-linux-x86_64 1.4.0 5.34 41.57 46.91 OK
r-release-macos-arm64 1.4.0 OK
r-release-macos-x86_64 1.4.0 OK
r-release-windows-ix86+x86_64 1.4.0 9.00 46.00 55.00 OK
r-oldrel-macos-x86_64 1.4.0 OK
r-oldrel-windows-ix86+x86_64 1.4.0 7.00 52.00 59.00 OK

Check Details

Version: 1.4.0
Check: package dependencies
Result: NOTE
    Package suggested but not available for checking: 'vdiffr'
Flavor: r-devel-windows-x86_64-gcc10-UCRT

Version: 1.4.0
Check: PDF version of manual
Result: WARN
    LaTeX errors when creating PDF version.
    This typically indicates Rd problems.
Flavor: r-devel-windows-x86_64-gcc10-UCRT

Version: 1.4.0
Check: PDF version of manual without hyperrefs or index
Result: ERROR
    Re-running with no redirection of stdout/stderr.
Flavor: r-devel-windows-x86_64-gcc10-UCRT