Last updated on 2022-06-25 15:51:27 CEST.
Flavor | Version | Tinstall | Tcheck | Ttotal | Status | Flags |
---|---|---|---|---|---|---|
r-devel-linux-x86_64-debian-clang | 2.1.2 | 12.94 | 543.54 | 556.48 | OK | |
r-devel-linux-x86_64-debian-gcc | 2.1.2 | 12.07 | 423.85 | 435.92 | OK | |
r-devel-linux-x86_64-fedora-clang | 2.1.2 | 681.09 | NOTE | |||
r-devel-linux-x86_64-fedora-gcc | 2.1.2 | 690.97 | OK | |||
r-devel-windows-x86_64 | 2.1.2 | 31.00 | 467.00 | 498.00 | OK | |
r-patched-linux-x86_64 | 2.1.2 | 17.67 | 546.57 | 564.24 | OK | |
r-release-linux-x86_64 | 2.1.2 | 12.19 | 532.64 | 544.83 | OK | |
r-release-macos-arm64 | 2.1.2 | 169.00 | OK | |||
r-release-macos-x86_64 | 2.1.2 | 337.00 | OK | |||
r-release-windows-x86_64 | 2.1.2 | 30.00 | 472.00 | 502.00 | OK | |
r-oldrel-macos-arm64 | 2.1.2 | 169.00 | OK | |||
r-oldrel-macos-x86_64 | 2.1.2 | 247.00 | OK | |||
r-oldrel-windows-ix86+x86_64 | 2.1.2 | 31.00 | 503.00 | 534.00 | OK |
Version: 2.1.2
Check: Rd cross-references
Result: NOTE
Undeclared package ‘trend’ in Rd xrefs
Flavor: r-devel-linux-x86_64-fedora-clang