CRAN Package Check Results for Package pairwiseCI

Last updated on 2021-09-23 03:51:07 CEST.

Flavor Version Tinstall Tcheck Ttotal Status Flags
r-devel-linux-x86_64-debian-clang 0.1-27 17.33 139.67 157.00 OK
r-devel-linux-x86_64-debian-gcc 0.1-27 13.11 102.48 115.59 OK
r-devel-linux-x86_64-fedora-clang 0.1-27 193.01 OK
r-devel-linux-x86_64-fedora-gcc 0.1-27 177.88 OK
r-devel-windows-x86_64 0.1-27 18.00 122.00 140.00 OK
r-devel-windows-x86_64-gcc10-UCRT 0.1-27 ERROR
r-patched-linux-x86_64 0.1-27 15.48 130.90 146.38 OK
r-patched-solaris-x86 0.1-27 260.80 OK
r-release-linux-x86_64 0.1-27 16.10 131.49 147.59 OK
r-release-macos-arm64 0.1-27 OK
r-release-macos-x86_64 0.1-27 OK
r-release-windows-ix86+x86_64 0.1-27 36.00 118.00 154.00 OK
r-oldrel-macos-x86_64 0.1-27 OK
r-oldrel-windows-ix86+x86_64 0.1-27 27.00 123.00 150.00 OK

Check Details

Version: 0.1-27
Check: PDF version of manual
Result: WARN
    LaTeX errors when creating PDF version.
    This typically indicates Rd problems.
Flavor: r-devel-windows-x86_64-gcc10-UCRT

Version: 0.1-27
Check: PDF version of manual without hyperrefs or index
Result: ERROR
    Re-running with no redirection of stdout/stderr.
Flavor: r-devel-windows-x86_64-gcc10-UCRT