CRAN Package Check Results for Package paco

Last updated on 2022-01-18 03:52:21 CET.

Flavor Version Tinstall Tcheck Ttotal Status Flags
r-devel-linux-x86_64-debian-clang 0.4.2 2.29 37.47 39.76 OK
r-devel-linux-x86_64-debian-gcc 0.4.2 1.92 28.59 30.51 OK
r-devel-linux-x86_64-fedora-clang 0.4.2 47.97 NOTE
r-devel-linux-x86_64-fedora-gcc 0.4.2 37.53 NOTE
r-devel-windows-x86_64-new-UL 0.4.2 19.00 53.00 72.00 OK
r-devel-windows-x86_64-new-TK 0.4.2 NOTE
r-patched-linux-x86_64 0.4.2 2.31 35.20 37.51 OK
r-release-linux-x86_64 0.4.2 OK
r-release-macos-arm64 0.4.2 NOTE
r-release-macos-x86_64 0.4.2 NOTE
r-release-windows-ix86+x86_64 0.4.2 6.00 46.00 52.00 OK
r-oldrel-macos-x86_64 0.4.2 NOTE
r-oldrel-windows-ix86+x86_64 0.4.2 6.00 46.00 52.00 OK

Check Details

Version: 0.4.2
Check: dependencies in R code
Result: NOTE
    Namespace in Imports field not imported from: ‘ape’
     All declared Imports should be used.
Flavors: r-devel-linux-x86_64-fedora-clang, r-devel-linux-x86_64-fedora-gcc, r-devel-windows-x86_64-new-TK, r-release-macos-arm64, r-release-macos-x86_64, r-oldrel-macos-x86_64