CRAN Package Check Results for Package pacman

Last updated on 2021-12-06 03:53:06 CET.

Flavor Version Tinstall Tcheck Ttotal Status Flags
r-devel-linux-x86_64-debian-clang 0.5.1 4.00 45.57 49.57 OK
r-devel-linux-x86_64-debian-gcc 0.5.1 3.18 34.51 37.69 OK
r-devel-linux-x86_64-fedora-clang 0.5.1 60.49 NOTE
r-devel-linux-x86_64-fedora-gcc 0.5.1 51.15 OK
r-devel-windows-x86_64-new-UL 0.5.1 16.00 82.00 98.00 OK
r-devel-windows-x86_64-new-TK 0.5.1 OK
r-devel-windows-x86_64-old 0.5.1 7.00 44.00 51.00 OK
r-patched-linux-x86_64 0.5.1 4.91 34.21 39.12 OK
r-release-linux-x86_64 0.5.1 3.96 42.51 46.47 OK
r-release-macos-arm64 0.5.1 OK
r-release-macos-x86_64 0.5.1 OK
r-release-windows-ix86+x86_64 0.5.1 8.00 62.00 70.00 OK
r-oldrel-macos-x86_64 0.5.1 OK
r-oldrel-windows-ix86+x86_64 0.5.1 17.00 60.00 77.00 OK

Check Details

Version: 0.5.1
Check: Rd cross-references
Result: NOTE
    Undeclared package ‘devtools’ in Rd xrefs
Flavor: r-devel-linux-x86_64-fedora-clang