CRAN Package Check Results for Package pGPx

Last updated on 2022-01-23 02:56:20 CET.

Flavor Version Tinstall Tcheck Ttotal Status Flags
r-devel-linux-x86_64-debian-clang 0.1.1 27.95 57.15 85.10 NOTE
r-devel-linux-x86_64-debian-gcc 0.1.1 21.58 43.82 65.40 NOTE
r-devel-linux-x86_64-fedora-clang 0.1.1 115.95 NOTE
r-devel-linux-x86_64-fedora-gcc 0.1.1 97.46 NOTE
r-devel-windows-x86_64-new-UL 0.1.1 41.00 100.00 141.00 NOTE
r-devel-windows-x86_64-new-TK 0.1.1 NOTE
r-patched-linux-x86_64 0.1.1 23.80 55.98 79.78 NOTE
r-release-linux-x86_64 0.1.1 19.69 57.31 77.00 NOTE
r-release-macos-arm64 0.1.1 NOTE
r-release-macos-x86_64 0.1.1 NOTE
r-release-windows-ix86+x86_64 0.1.1 71.00 119.00 190.00 NOTE
r-oldrel-macos-x86_64 0.1.1 OK
r-oldrel-windows-ix86+x86_64 0.1.1 73.00 115.00 188.00 OK

Check Details

Version: 0.1.1
Check: LazyData
Result: NOTE
     'LazyData' is specified without a 'data' directory
Flavors: r-devel-linux-x86_64-debian-clang, r-devel-linux-x86_64-debian-gcc, r-devel-linux-x86_64-fedora-clang, r-devel-linux-x86_64-fedora-gcc, r-devel-windows-x86_64-new-UL, r-devel-windows-x86_64-new-TK, r-patched-linux-x86_64, r-release-linux-x86_64, r-release-macos-arm64, r-release-macos-x86_64, r-release-windows-ix86+x86_64