CRAN Package Check Results for Package owdbr

Last updated on 2022-01-28 04:00:57 CET.

Flavor Version Tinstall Tcheck Ttotal Status Flags
r-devel-linux-x86_64-debian-clang 1.0.1.1 2.88 39.54 42.42 NOTE
r-devel-linux-x86_64-debian-gcc 1.0.1.1 3.02 33.37 36.39 NOTE
r-devel-linux-x86_64-fedora-clang 1.0.1.1 51.49 NOTE
r-devel-linux-x86_64-fedora-gcc 1.0.1.1 40.75 NOTE
r-devel-windows-x86_64-new-UL 1.0.1.1 19.00 61.00 80.00 NOTE
r-devel-windows-x86_64-new-TK 1.0.1.1 NOTE
r-patched-linux-x86_64 1.0.1.1 2.91 37.71 40.62 NOTE
r-release-linux-x86_64 1.0.1.1 3.07 38.06 41.13 NOTE
r-release-macos-arm64 1.0.1.1 NOTE
r-release-macos-x86_64 1.0.1.1 NOTE
r-release-windows-ix86+x86_64 1.0.1.1 8.00 47.00 55.00 NOTE
r-oldrel-macos-x86_64 1.0.1.1 OK
r-oldrel-windows-ix86+x86_64 1.0.1.1 9.00 48.00 57.00 OK

Check Details

Version: 1.0.1.1
Check: LazyData
Result: NOTE
     'LazyData' is specified without a 'data' directory
Flavors: r-devel-linux-x86_64-debian-clang, r-devel-linux-x86_64-debian-gcc, r-devel-linux-x86_64-fedora-clang, r-devel-linux-x86_64-fedora-gcc, r-devel-windows-x86_64-new-UL, r-devel-windows-x86_64-new-TK, r-patched-linux-x86_64, r-release-linux-x86_64, r-release-macos-arm64, r-release-macos-x86_64, r-release-windows-ix86+x86_64