CRAN Package Check Results for Package ottr

Last updated on 2023-01-26 15:53:17 CET.

Flavor Version Tinstall Tcheck Ttotal Status Flags
r-devel-linux-x86_64-debian-clang 1.3.0 5.55 31.19 36.74 OK
r-devel-linux-x86_64-debian-gcc 1.3.0 4.92 24.18 29.10 OK
r-devel-linux-x86_64-fedora-clang 1.3.1 52.49 OK
r-devel-linux-x86_64-fedora-gcc 1.3.1 49.42 OK
r-patched-linux-x86_64 1.3.0 6.20 30.00 36.20 OK
r-release-linux-x86_64 1.3.0 3.80 30.46 34.26 OK
r-release-macos-arm64 1.3.0 20.00 OK
r-release-macos-x86_64 1.3.0 26.00 NOTE
r-release-windows-x86_64 1.3.0 24.00 54.00 78.00 OK
r-oldrel-macos-arm64 1.3.0 24.00 OK
r-oldrel-macos-x86_64 1.3.0 31.00 NOTE
r-oldrel-windows-ix86+x86_64 1.3.0 12.00 54.00 66.00 OK

Check Details

Version: 1.3.0
Check: dependencies in R code
Result: NOTE
    Namespaces in Imports field not imported from:
     ‘R6’ ‘jsonlite’
     All declared Imports should be used.
Flavors: r-release-macos-x86_64, r-oldrel-macos-x86_64