CRAN Package Check Results for Package otpr

Last updated on 2022-01-27 04:05:30 CET.

Flavor Version Tinstall Tcheck Ttotal Status Flags
r-devel-linux-x86_64-debian-clang 0.5.1 4.56 57.11 61.67 OK
r-devel-linux-x86_64-debian-gcc 0.5.1 3.82 43.19 47.01 OK
r-devel-linux-x86_64-fedora-clang 0.5.1 72.59 OK
r-devel-linux-x86_64-fedora-gcc 0.5.1 62.99 OK
r-devel-windows-x86_64-new-UL 0.5.1 27.00 76.00 103.00 OK
r-devel-windows-x86_64-new-TK 0.5.1 OK
r-patched-linux-x86_64 0.5.1 4.29 51.74 56.03 OK
r-release-linux-x86_64 0.5.1 3.37 51.68 55.05 OK
r-release-macos-arm64 0.5.1 OK
r-release-macos-x86_64 0.5.1 WARN --as-cran
r-release-windows-ix86+x86_64 0.5.1 12.00 66.00 78.00 OK
r-oldrel-macos-x86_64 0.5.1 OK
r-oldrel-windows-ix86+x86_64 0.5.1 13.00 63.00 76.00 OK

Check Details

Version: 0.5.1
Flags: --as-cran
Check: CRAN incoming feasibility
Result: WARN
    Maintainer: ‘Marcus Young <M.A.Young@soton.ac.uk>’
    
    Insufficient package version (submitted: 0.5.1, existing: 0.5.1)
    
    Days since last update: 1
Flavor: r-release-macos-x86_64

Version: 0.5.1
Flags: --as-cran
Check: top-level files
Result: NOTE
    Files ‘README.md’ or ‘NEWS.md’ cannot be checked without ‘pandoc’ being installed.
Flavor: r-release-macos-x86_64