CRAN Package Check Results for Package osmplotr

Last updated on 2021-11-28 15:48:48 CET.

Flavor Version Tinstall Tcheck Ttotal Status Flags
r-devel-linux-x86_64-debian-clang 0.3.3 OK
r-devel-linux-x86_64-debian-gcc 0.3.3 12.17 166.57 178.74 OK
r-devel-linux-x86_64-fedora-clang 0.3.3 292.93 NOTE
r-devel-linux-x86_64-fedora-gcc 0.3.3 296.72 OK
r-devel-windows-x86_64-new-UL 0.3.3 31.00 292.00 323.00 NOTE
r-devel-windows-x86_64-new-TK 0.3.3 OK
r-devel-windows-x86_64-old 0.3.3 22.00 290.00 312.00 NOTE
r-patched-linux-x86_64 0.3.3 14.00 219.87 233.87 OK
r-patched-solaris-x86 0.3.3 283.50 NOTE
r-release-linux-x86_64 0.3.3 11.85 218.65 230.50 OK
r-release-macos-arm64 0.3.3 NOTE
r-release-macos-x86_64 0.3.3 NOTE
r-release-windows-ix86+x86_64 0.3.3 33.00 209.00 242.00 NOTE
r-oldrel-macos-x86_64 0.3.3 NOTE
r-oldrel-windows-ix86+x86_64 0.3.3 38.00 273.00 311.00 NOTE

Check Details

Version: 0.3.3
Check: installed package size
Result: NOTE
     installed size is 9.2Mb
     sub-directories of 1Mb or more:
     doc 7.8Mb
Flavors: r-devel-linux-x86_64-fedora-clang, r-devel-windows-x86_64-new-UL, r-devel-windows-x86_64-old, r-patched-solaris-x86, r-release-macos-arm64, r-release-macos-x86_64, r-release-windows-ix86+x86_64, r-oldrel-macos-x86_64, r-oldrel-windows-ix86+x86_64