CRAN Package Check Results for Package oscar

Last updated on 2023-02-08 15:52:48 CET.

Flavor Version Tinstall Tcheck Ttotal Status Flags
r-devel-linux-x86_64-debian-clang 1.0.4 47.65 82.91 130.56 NOTE
r-devel-linux-x86_64-debian-gcc 1.0.4 38.69 62.66 101.35 NOTE
r-devel-linux-x86_64-fedora-clang 1.0.4 164.88 NOTE
r-devel-linux-x86_64-fedora-gcc 1.0.4 180.34 NOTE
r-devel-windows-x86_64 1.0.4 51.00 128.00 179.00 NOTE
r-patched-linux-x86_64 1.0.4 40.53 78.57 119.10 OK
r-release-linux-x86_64 1.0.4 40.70 76.86 117.56 OK
r-release-macos-arm64 1.0.4 72.00 OK
r-release-macos-x86_64 1.0.4 67.00 OK
r-release-windows-x86_64 1.0.4 58.00 127.00 185.00 OK
r-oldrel-macos-arm64 1.0.4 79.00 OK
r-oldrel-macos-x86_64 1.0.4 62.00 OK
r-oldrel-windows-ix86+x86_64 1.0.4 106.00 135.00 241.00 OK

Check Details

Version: 1.0.4
Check: C++ specification
Result: NOTE
     Specified C++11: please update to current default of C++17
Flavors: r-devel-linux-x86_64-debian-clang, r-devel-windows-x86_64

Version: 1.0.4
Check: C++ specification
Result: NOTE
     Specified C++11: please drop specification unless essential
Flavors: r-devel-linux-x86_64-debian-gcc, r-devel-linux-x86_64-fedora-clang, r-devel-linux-x86_64-fedora-gcc