CRAN Package Check Results for Package orthopolynom

Last updated on 2022-09-30 04:59:15 CEST.

Flavor Version Tinstall Tcheck Ttotal Status Flags
r-devel-linux-x86_64-debian-clang 1.0-6 5.71 49.14 54.85 NOTE
r-devel-linux-x86_64-debian-gcc 1.0-6 3.81 37.91 41.72 NOTE
r-devel-linux-x86_64-fedora-clang 1.0-6 81.54 NOTE
r-devel-linux-x86_64-fedora-gcc 1.0-6 76.67 NOTE
r-devel-windows-x86_64 1.0-6 103.00 99.00 202.00 NOTE
r-patched-linux-x86_64 1.0-6 6.53 46.11 52.64 OK
r-release-linux-x86_64 1.0-6 5.37 45.82 51.19 OK
r-release-macos-arm64 1.0-6 22.00 OK
r-release-macos-x86_64 1.0-6 38.00 OK
r-release-windows-x86_64 1.0-6 93.00 95.00 188.00 OK
r-oldrel-macos-arm64 1.0-6 22.00 OK
r-oldrel-macos-x86_64 1.0-6 30.00 OK
r-oldrel-windows-ix86+x86_64 1.0-6 10.00 71.00 81.00 OK

Check Details

Version: 1.0-6
Check: HTML version of manual
Result: NOTE
    Found the following math rendering problems:
    chebyshev.c.inner.products.Rd:18-22: Unknown column alignment: * in ...{\begin{array}{*{20}c}
     {4\,\...
    chebyshev.t.inner.products.Rd:18-23: Unknown column alignment: * in ...{\begin{array}{*{20}c}
     {\fra...
    gegenbauer.inner.products.Rd:19-25: Unknown column alignment: * in ...{\begin{array}{*{20}c}
     {\fra...
    schebyshev.t.inner.products.Rd:18-23: Unknown column alignment: * in ...{\begin{array}{*{20}c}
     {\fra...
Flavors: r-devel-linux-x86_64-debian-clang, r-devel-linux-x86_64-debian-gcc, r-devel-linux-x86_64-fedora-clang, r-devel-linux-x86_64-fedora-gcc, r-devel-windows-x86_64